{"id":13,"date":"2017-12-13T14:06:09","date_gmt":"2017-12-13T12:06:09","guid":{"rendered":"http:\/\/34.242.2.69\/nivala\/?page_id=13"},"modified":"2026-03-12T18:20:38","modified_gmt":"2026-03-12T16:20:38","slug":"etusivu","status":"publish","type":"page","link":"https:\/\/paivitys.rauhanyhdistys.fi\/ylivieska\/","title":{"rendered":"Etusivu"},"content":{"rendered":"<p><div class=\"fusion-fullwidth fullwidth-box fusion-builder-row-1 nonhundred-percent-fullwidth non-hundred-percent-height-scrolling\" style=\"--awb-border-radius-top-left:0px;--awb-border-radius-top-right:0px;--awb-border-radius-bottom-right:0px;--awb-border-radius-bottom-left:0px;--awb-flex-wrap:wrap;\" ><div class=\"fusion-builder-row fusion-row\"><div class=\"fusion-layout-column fusion_builder_column fusion-builder-column-0 fusion_builder_column_1_1 1_1 fusion-one-full fusion-column-first fusion-column-last\" style=\"--awb-bg-blend:overlay;--awb-bg-size:cover;--awb-margin-bottom:29px;\"><div class=\"fusion-column-wrapper fusion-flex-column-wrapper-legacy\"><div class=\"fusion-title title fusion-title-1 fusion-sep-none fusion-title-text fusion-title-size-one\"><h1 class=\"fusion-title-heading title-heading-left fusion-responsive-typography-calculated\" style=\"margin:0;--fontSize:34;line-height:1.4;\">Tervetuloa Ylivieskan rauhanyhdistykselle<\/h1><\/div><div class=\"fusion-text fusion-text-1\"><p>Nettiradiointi Ylivieskan rauhanyhdistykselt\u00e4 osoitteesta: <a href=\"http:\/\/nettiradio.srk.fi:8000\/ylivieska.mp3\">http:\/\/nettiradio.srk.fi:8000\/ylivieska.mp3<\/a><\/p>\n<\/div>\n<figure><audio src=\"https:\/\/nettiradio.srk.fi:8443\/ylivieska.mp3\" controls=\"controls\"><br \/>\nYour browser does not support the<br \/>\n<code>audio<\/code> element.<br \/>\n<\/audio><\/figure>\n<div class=\"fusion-text fusion-text-2\"><p><strong>Ajankohtaista:<\/strong><\/p>\n<p>Vuoden 2026 j\u00e4senmaksuker\u00e4ys on aloitettu. Ker\u00e4ysaika huhtikuun loppuun saakka. Tarkemmat maksuohjeet <a href=\"https:\/\/paivitys.rauhanyhdistys.fi\/ylivieska\/jasenmaksukerays-2026\/\">t\u00e4\u00e4lt\u00e4<\/a>.<\/p>\n<\/div><div class=\"fusion-clearfix\"><\/div><\/div><\/div><div class=\"fusion-layout-column fusion_builder_column fusion-builder-column-1 fusion_builder_column_1_1 1_1 fusion-one-full fusion-column-first fusion-column-last fusion-no-small-visibility\" style=\"--awb-bg-blend:overlay;--awb-bg-size:cover;\"><div class=\"fusion-column-wrapper fusion-flex-column-wrapper-legacy\"><div class=\"fusion-text fusion-text-3\"><p>Rauhanyhdistyksen keskeisint\u00e4 toimintaa on seurojen j\u00e4rjest\u00e4minen. Seuroja pidet\u00e4\u00e4n yleens\u00e4 keskiviikkoisin ja sunnuntaisin toimitalolla.<\/p>\n<p>Seurojen ohella toimintakalenterista l\u00f6ytyv\u00e4t tiedot pyh\u00e4kouluista, p\u00e4iv\u00e4kerhoista, raamattuluokista, nuortenilloista, naisten- ja miestenilloista, tiistaikerhoista, raamatun luku-ja keskustelupiireist\u00e4, puolisoilloista ja myyj\u00e4isist\u00e4. Kaikkia kutsutaan seuroihin sek\u00e4 yhteisiin tilaisuuksiin ja myyj\u00e4isiin.<\/p>\n<\/div><div class=\"fusion-clearfix\"><\/div><\/div><\/div><\/div><\/div><div class=\"fusion-fullwidth fullwidth-box fusion-builder-row-2 nonhundred-percent-fullwidth non-hundred-percent-height-scrolling\" style=\"--awb-border-radius-top-left:0px;--awb-border-radius-top-right:0px;--awb-border-radius-bottom-right:0px;--awb-border-radius-bottom-left:0px;--awb-padding-top:30px;--awb-background-color:#eeeeee;--awb-flex-wrap:wrap;\" ><div class=\"fusion-builder-row fusion-row\"><div class=\"fusion-layout-column fusion_builder_column fusion-builder-column-2 fusion_builder_column_1_2 1_2 fusion-one-half fusion-column-first\" style=\"--awb-bg-blend:overlay;--awb-bg-size:cover;width:50%;width:calc(50% - ( ( 4% ) * 0.5 ) );margin-right: 4%;\"><div class=\"fusion-column-wrapper fusion-flex-column-wrapper-legacy\"><div class=\"fusion-title title fusion-title-2 fusion-sep-none fusion-title-text fusion-title-size-one\"><h1 class=\"fusion-title-heading title-heading-left fusion-responsive-typography-calculated\" style=\"margin:0;--fontSize:34;line-height:1.4;\">Tulevat tapahtumat<\/h1><\/div><div class=\"fusion-text fusion-text-4\"><table class=\"intra\" data-id=\"57\" data-amount=\"10\" data-features=\"audio,video\"><\/table>\n<\/div><div class=\"fusion-clearfix\"><\/div><\/div><\/div><div class=\"fusion-layout-column fusion_builder_column fusion-builder-column-3 fusion_builder_column_1_2 1_2 fusion-one-half fusion-column-last\" style=\"--awb-bg-blend:overlay;--awb-bg-size:cover;width:50%;width:calc(50% - ( ( 4% ) * 0.5 ) );\"><div class=\"fusion-column-wrapper fusion-flex-column-wrapper-legacy\"><div class=\"fusion-title title fusion-title-3 fusion-sep-none fusion-title-text fusion-title-size-one\"><h1 class=\"fusion-title-heading title-heading-left fusion-responsive-typography-calculated\" style=\"margin:0;--fontSize:34;line-height:1.4;\">Reisj\u00e4rven opiston kurssit<\/h1><\/div><div class=\"fusion-text fusion-text-5\"><table class=\"kurle\" data-id=\"2\" data-amount=\"5\"><\/table>\n<\/div><div class=\"fusion-text fusion-text-6\"><p><a href=\"https:\/\/www.lyhytkurssille.fi\/kurssi\/reisjarvi\/\">Lis\u00e4\u00e4 kursseja<\/a><\/p>\n<\/div><div class=\"fusion-title title fusion-title-4 fusion-sep-none fusion-title-text fusion-title-size-one\"><h1 class=\"fusion-title-heading title-heading-left fusion-responsive-typography-calculated\" style=\"margin:0;--fontSize:34;line-height:1.4;\">Leirit Kalliossa<\/h1><\/div><div class=\"fusion-text fusion-text-7\"><table class=\"kurle\" data-id=\"6\" data-amount=\"5\"><\/table>\n<\/div><div class=\"fusion-text fusion-text-8\"><p><a href=\"https:\/\/www.leirille.fi\/leiri\/kallio\/\">Lis\u00e4\u00e4 leirej\u00e4<\/a><\/p>\n<\/div><div class=\"fusion-clearfix\"><\/div><\/div><\/div><\/div><\/div><\/p>\n","protected":false},"excerpt":{"rendered":"","protected":false},"author":1,"featured_media":0,"parent":0,"menu_order":0,"comment_status":"closed","ping_status":"closed","template":"100-width.php","meta":{"footnotes":""},"class_list":["post-13","page","type-page","status-publish","hentry"],"_links":{"self":[{"href":"https:\/\/paivitys.rauhanyhdistys.fi\/ylivieska\/wp-json\/wp\/v2\/pages\/13","targetHints":{"allow":["GET"]}}],"collection":[{"href":"https:\/\/paivitys.rauhanyhdistys.fi\/ylivieska\/wp-json\/wp\/v2\/pages"}],"about":[{"href":"https:\/\/paivitys.rauhanyhdistys.fi\/ylivieska\/wp-json\/wp\/v2\/types\/page"}],"author":[{"embeddable":true,"href":"https:\/\/paivitys.rauhanyhdistys.fi\/ylivieska\/wp-json\/wp\/v2\/users\/1"}],"replies":[{"embeddable":true,"href":"https:\/\/paivitys.rauhanyhdistys.fi\/ylivieska\/wp-json\/wp\/v2\/comments?post=13"}],"version-history":[{"count":131,"href":"https:\/\/paivitys.rauhanyhdistys.fi\/ylivieska\/wp-json\/wp\/v2\/pages\/13\/revisions"}],"predecessor-version":[{"id":528,"href":"https:\/\/paivitys.rauhanyhdistys.fi\/ylivieska\/wp-json\/wp\/v2\/pages\/13\/revisions\/528"}],"wp:attachment":[{"href":"https:\/\/paivitys.rauhanyhdistys.fi\/ylivieska\/wp-json\/wp\/v2\/media?parent=13"}],"curies":[{"name":"wp","href":"https:\/\/api.w.org\/{rel}","templated":true}]}}

<p><div class="fusion-fullwidth fullwidth-box fusion-builder-row-1 nonhundred-percent-fullwidth non-hundred-percent-height-scrolling" style="--awb-border-radius-top-left:0px;--awb-border-radius-top-right:0px;--awb-border-radius-bottom-right:0px;--awb-border-radius-bottom-left:0px;--awb-flex-wrap:wrap;" ><div class="fusion-builder-row fusion-row"><div class="fusion-layout-column fusion_builder_column fusion-builder-column-0 fusion_builder_column_1_1 1_1 fusion-one-full fusion-column-first fusion-column-last" style="--awb-bg-blend:overlay;--awb-bg-size:cover;--awb-margin-bottom:29px;"><div class="fusion-column-wrapper fusion-flex-column-wrapper-legacy"><div class="fusion-title title fusion-title-1 fusion-sep-none fusion-title-text fusion-title-size-one"><h1 class="fusion-title-heading title-heading-left fusion-responsive-typography-calculated" style="margin:0;--fontSize:34;line-height:1.4;">Tervetuloa Ylivieskan rauhanyhdistykselle</h1></div><div class="fusion-text fusion-text-1"><p>Nettiradiointi Ylivieskan rauhanyhdistykseltä osoitteesta: <a href="http://nettiradio.srk.fi:8000/ylivieska.mp3">http://nettiradio.srk.fi:8000/ylivieska.mp3</a></p>
</div>
<figure><audio src="https://nettiradio.srk.fi:8443/ylivieska.mp3" controls="controls"><br />
Your browser does not support the<br />
<code>audio</code> element.<br />
</audio></figure>
<div class="fusion-text fusion-text-2"><p><strong>Ajankohtaista:</strong></p>
<p>Vuoden 2026 jäsenmaksukeräys on aloitettu. Keräysaika huhtikuun loppuun saakka. Tarkemmat maksuohjeet <a href="https://paivitys.rauhanyhdistys.fi/ylivieska/jasenmaksukerays-2026/">täältä</a>.</p>
</div><div class="fusion-clearfix"></div></div></div><div class="fusion-layout-column fusion_builder_column fusion-builder-column-1 fusion_builder_column_1_1 1_1 fusion-one-full fusion-column-first fusion-column-last fusion-no-small-visibility" style="--awb-bg-blend:overlay;--awb-bg-size:cover;"><div class="fusion-column-wrapper fusion-flex-column-wrapper-legacy"><div class="fusion-text fusion-text-3"><p>Rauhanyhdistyksen keskeisintä toimintaa on seurojen järjestäminen. Seuroja pidetään yleensä keskiviikkoisin ja sunnuntaisin toimitalolla.</p>
<p>Seurojen ohella toimintakalenterista löytyvät tiedot pyhäkouluista, päiväkerhoista, raamattuluokista, nuortenilloista, naisten- ja miestenilloista, tiistaikerhoista, raamatun luku-ja keskustelupiireistä, puolisoilloista ja myyjäisistä. Kaikkia kutsutaan seuroihin sekä yhteisiin tilaisuuksiin ja myyjäisiin.</p>
</div><div class="fusion-clearfix"></div></div></div></div></div><div class="fusion-fullwidth fullwidth-box fusion-builder-row-2 nonhundred-percent-fullwidth non-hundred-percent-height-scrolling" style="--awb-border-radius-top-left:0px;--awb-border-radius-top-right:0px;--awb-border-radius-bottom-right:0px;--awb-border-radius-bottom-left:0px;--awb-padding-top:30px;--awb-background-color:#eeeeee;--awb-flex-wrap:wrap;" ><div class="fusion-builder-row fusion-row"><div class="fusion-layout-column fusion_builder_column fusion-builder-column-2 fusion_builder_column_1_2 1_2 fusion-one-half fusion-column-first" style="--awb-bg-blend:overlay;--awb-bg-size:cover;width:50%;width:calc(50% - ( ( 4% ) * 0.5 ) );margin-right: 4%;"><div class="fusion-column-wrapper fusion-flex-column-wrapper-legacy"><div class="fusion-title title fusion-title-2 fusion-sep-none fusion-title-text fusion-title-size-one"><h1 class="fusion-title-heading title-heading-left fusion-responsive-typography-calculated" style="margin:0;--fontSize:34;line-height:1.4;">Tulevat tapahtumat</h1></div><div class="fusion-text fusion-text-4"><table class="intra" data-id="57" data-amount="10" data-features="audio,video"></table>
</div><div class="fusion-clearfix"></div></div></div><div class="fusion-layout-column fusion_builder_column fusion-builder-column-3 fusion_builder_column_1_2 1_2 fusion-one-half fusion-column-last" style="--awb-bg-blend:overlay;--awb-bg-size:cover;width:50%;width:calc(50% - ( ( 4% ) * 0.5 ) );"><div class="fusion-column-wrapper fusion-flex-column-wrapper-legacy"><div class="fusion-title title fusion-title-3 fusion-sep-none fusion-title-text fusion-title-size-one"><h1 class="fusion-title-heading title-heading-left fusion-responsive-typography-calculated" style="margin:0;--fontSize:34;line-height:1.4;">Reisjärven opiston kurssit</h1></div><div class="fusion-text fusion-text-5"><table class="kurle" data-id="2" data-amount="5"></table>
</div><div class="fusion-text fusion-text-6"><p><a href="https://www.lyhytkurssille.fi/kurssi/reisjarvi/">Lisää kursseja</a></p>
</div><div class="fusion-title title fusion-title-4 fusion-sep-none fusion-title-text fusion-title-size-one"><h1 class="fusion-title-heading title-heading-left fusion-responsive-typography-calculated" style="margin:0;--fontSize:34;line-height:1.4;">Leirit Kalliossa</h1></div><div class="fusion-text fusion-text-7"><table class="kurle" data-id="6" data-amount="5"></table>
</div><div class="fusion-text fusion-text-8"><p><a href="https://www.leirille.fi/leiri/kallio/">Lisää leirejä</a></p>
</div><div class="fusion-clearfix"></div></div></div></div></div></p>
