{"id":15,"date":"2017-12-13T14:06:19","date_gmt":"2017-12-13T12:06:19","guid":{"rendered":"http:\/\/34.242.2.69\/esimerkkiry\/?page_id=15"},"modified":"2018-09-23T14:15:37","modified_gmt":"2018-09-23T11:15:37","slug":"toimintamuodot","status":"publish","type":"page","link":"https:\/\/paivitys.rauhanyhdistys.fi\/varkaus\/toimintamuodot\/","title":{"rendered":"Toimintamuodot"},"content":{"rendered":"<p><div class=\"fusion-fullwidth fullwidth-box fusion-builder-row-1 nonhundred-percent-fullwidth non-hundred-percent-height-scrolling\" style=\"--awb-border-radius-top-left:0px;--awb-border-radius-top-right:0px;--awb-border-radius-bottom-right:0px;--awb-border-radius-bottom-left:0px;--awb-flex-wrap:wrap;\" ><div class=\"fusion-builder-row fusion-row\"><div class=\"fusion-layout-column fusion_builder_column fusion-builder-column-0 fusion_builder_column_2_3 2_3 fusion-two-third fusion-column-first\" style=\"--awb-bg-size:cover;width:66.666666666667%;width:calc(66.666666666667% - ( ( 4% ) * 0.66666666666667 ) );margin-right: 4%;\"><div class=\"fusion-column-wrapper fusion-flex-column-wrapper-legacy\"><div class=\"fusion-title title fusion-title-1 fusion-sep-none fusion-title-text fusion-title-size-one\"><h1 class=\"fusion-title-heading title-heading-left fusion-responsive-typography-calculated\" style=\"margin:0;--fontSize:34;line-height:1.4;\"><h1 class=\"content-box-heading\">Seuroja ja muuta toimintaa kaikenik\u00e4isille<\/h1><\/h1><\/div><div class=\"fusion-text fusion-text-1\"><p>Varkauden rauhanyhdistys j\u00e4rjest\u00e4\u00e4 seuroja oman toimitalon lis\u00e4ksi kodeissa ja ev.lut. seurakuntien tiloissa Varkaudessa, Pieks\u00e4m\u00e4ell\u00e4, Joroisissa ja Rantasalmella. Kaikkien seurojen ohjelman ydin on raamatun pohjalta pidetty saarna.<\/p>\n<p>Seurojen ohjelmaan kuuluvat puheiden lis\u00e4ksi yhdess\u00e4 laulettavat virret ja Siionin laulut. Siionin laulut -kokoelma on vanhoillislestadiolaisuuden oma laulukirja.<\/p>\n<p>Seurat kokoavat yhteen kaiken ik\u00e4isi\u00e4 ihmisi\u00e4. Seurojen lis\u00e4ksi rauhanyhdistys j\u00e4rjest\u00e4\u00e4 esimerkiksi pyh\u00e4kouluja, perhekerhoja, raamattuluokkia, nuorten iltoja, miesten tai naisten iltoja, aviopuolisoiltoja ja varttuneemman v\u00e4en tilaisuuksia. Rauhanyhdistyksen toiminta on julkista ja tilaisuudet ovat kaikille avoimia. Ajankohtaiset tiedot toiminnasta l\u00f6ytyv\u00e4t <a href=\"http:\/\/paivitys.rauhanyhdistys.fi\/varkaus\/toimintakalenteri\/\">kalenterista<\/a>.<\/p>\n<\/div><div class=\"fusion-clearfix\"><\/div><\/div><\/div><div class=\"fusion-layout-column fusion_builder_column fusion-builder-column-1 fusion_builder_column_1_3 1_3 fusion-one-third fusion-column-last\" style=\"--awb-bg-size:cover;width:33.333333333333%;width:calc(33.333333333333% - ( ( 4% ) * 0.33333333333333 ) );\"><div class=\"fusion-column-wrapper fusion-flex-column-wrapper-legacy\"><div class=\"fusion-image-element fusion-image-align-center in-legacy-container\" style=\"text-align:center;--awb-caption-title-font-family:var(--h2_typography-font-family);--awb-caption-title-font-weight:var(--h2_typography-font-weight);--awb-caption-title-font-style:var(--h2_typography-font-style);--awb-caption-title-size:var(--h2_typography-font-size);--awb-caption-title-transform:var(--h2_typography-text-transform);--awb-caption-title-line-height:var(--h2_typography-line-height);--awb-caption-title-letter-spacing:var(--h2_typography-letter-spacing);\"><div class=\"imageframe-align-center\"><span class=\" fusion-imageframe imageframe-none imageframe-1 hover-type-none\"><img decoding=\"async\" width=\"225\" height=\"300\" title=\"pyh\u00e4koulu\" src=\"http:\/\/paivitys.rauhanyhdistys.fi\/varkaus\/wp-content\/uploads\/sites\/87\/2018\/09\/IMG_6978-kopio-225x300.jpg\" alt class=\"img-responsive wp-image-173\" srcset=\"https:\/\/paivitys.rauhanyhdistys.fi\/varkaus\/wp-content\/uploads\/sites\/87\/2018\/09\/IMG_6978-kopio-200x267.jpg 200w, https:\/\/paivitys.rauhanyhdistys.fi\/varkaus\/wp-content\/uploads\/sites\/87\/2018\/09\/IMG_6978-kopio-400x534.jpg 400w, https:\/\/paivitys.rauhanyhdistys.fi\/varkaus\/wp-content\/uploads\/sites\/87\/2018\/09\/IMG_6978-kopio-600x800.jpg 600w, https:\/\/paivitys.rauhanyhdistys.fi\/varkaus\/wp-content\/uploads\/sites\/87\/2018\/09\/IMG_6978-kopio-800x1067.jpg 800w, https:\/\/paivitys.rauhanyhdistys.fi\/varkaus\/wp-content\/uploads\/sites\/87\/2018\/09\/IMG_6978-kopio.jpg 907w\" sizes=\"(max-width: 800px) 100vw, 400px\" \/><\/span><\/div><\/div><div class=\"fusion-clearfix\"><\/div><\/div><\/div><\/div><\/div><div class=\"fusion-fullwidth fullwidth-box fusion-builder-row-2 nonhundred-percent-fullwidth non-hundred-percent-height-scrolling\" style=\"--awb-border-radius-top-left:0px;--awb-border-radius-top-right:0px;--awb-border-radius-bottom-right:0px;--awb-border-radius-bottom-left:0px;--awb-flex-wrap:wrap;\" ><div class=\"fusion-builder-row fusion-row\"><div class=\"fusion-layout-column fusion_builder_column fusion-builder-column-2 fusion_builder_column_1_3 1_3 fusion-one-third fusion-column-first\" style=\"--awb-bg-size:cover;width:33.333333333333%;width:calc(33.333333333333% - ( ( 4% ) * 0.33333333333333 ) );margin-right: 4%;\"><div class=\"fusion-column-wrapper fusion-flex-column-wrapper-legacy\"><div class=\"fusion-image-element fusion-image-align-center in-legacy-container\" style=\"text-align:center;--awb-caption-title-font-family:var(--h2_typography-font-family);--awb-caption-title-font-weight:var(--h2_typography-font-weight);--awb-caption-title-font-style:var(--h2_typography-font-style);--awb-caption-title-size:var(--h2_typography-font-size);--awb-caption-title-transform:var(--h2_typography-text-transform);--awb-caption-title-line-height:var(--h2_typography-line-height);--awb-caption-title-letter-spacing:var(--h2_typography-letter-spacing);\"><div class=\"imageframe-align-center\"><span class=\" fusion-imageframe imageframe-none imageframe-2 hover-type-none\"><img decoding=\"async\" width=\"225\" height=\"300\" title=\"seurat\" src=\"http:\/\/paivitys.rauhanyhdistys.fi\/varkaus\/wp-content\/uploads\/sites\/87\/2018\/09\/IMG_6997-kopio-225x300.jpg\" alt class=\"img-responsive wp-image-175\" srcset=\"https:\/\/paivitys.rauhanyhdistys.fi\/varkaus\/wp-content\/uploads\/sites\/87\/2018\/09\/IMG_6997-kopio-200x267.jpg 200w, https:\/\/paivitys.rauhanyhdistys.fi\/varkaus\/wp-content\/uploads\/sites\/87\/2018\/09\/IMG_6997-kopio-400x533.jpg 400w, https:\/\/paivitys.rauhanyhdistys.fi\/varkaus\/wp-content\/uploads\/sites\/87\/2018\/09\/IMG_6997-kopio-600x800.jpg 600w, https:\/\/paivitys.rauhanyhdistys.fi\/varkaus\/wp-content\/uploads\/sites\/87\/2018\/09\/IMG_6997-kopio-800x1067.jpg 800w, https:\/\/paivitys.rauhanyhdistys.fi\/varkaus\/wp-content\/uploads\/sites\/87\/2018\/09\/IMG_6997-kopio.jpg 1058w\" sizes=\"(max-width: 800px) 100vw, 400px\" \/><\/span><\/div><\/div><div class=\"fusion-clearfix\"><\/div><\/div><\/div><div class=\"fusion-layout-column fusion_builder_column fusion-builder-column-3 fusion_builder_column_2_3 2_3 fusion-two-third fusion-column-last\" style=\"--awb-bg-size:cover;width:66.666666666667%;width:calc(66.666666666667% - ( ( 4% ) * 0.66666666666667 ) );\"><div class=\"fusion-column-wrapper fusion-flex-column-wrapper-legacy\"><div class=\"fusion-title title fusion-title-2 fusion-sep-none fusion-title-text fusion-title-size-one\"><h1 class=\"fusion-title-heading title-heading-left fusion-responsive-typography-calculated\" style=\"margin:0;--fontSize:34;line-height:1.4;\"><h1>Osa evankelisluterilaista kirkkoa<\/h1><\/h1><\/div><div class=\"fusion-text fusion-text-2\"><p>Varkauden rauhanyhdistys edustaa vanhoillislestadiolaisuudeksi kutsuttua kristillist\u00e4 liikett\u00e4. Yhdistyksen j\u00e4senet kuuluvat Suomen evankelisluterilaiseen kirkkoon. Yhdistyksen tarkoituksena on s\u00e4\u00e4nt\u00f6jens\u00e4 mukaan her\u00e4tt\u00e4\u00e4 ja elvytt\u00e4\u00e4 kristillist\u00e4 uskonel\u00e4m\u00e4\u00e4 sek\u00e4 edist\u00e4\u00e4 kristillisi\u00e4 el\u00e4m\u00e4ntapoja, raittiutta ja is\u00e4nmaallisuutta.<\/p>\n<p>Vanhoillislestadiolaisuus on Suomen evankelisluterilaisen kirkon her\u00e4tysliike. Varkauden ja ymp\u00e4rist\u00f6n rauhanyhdistys kuuluu Suomen Rauhanyhdistysten Keskusyhdistykseen, joka organisoi her\u00e4tysliikkeen toimintaa kotimaassa ja ulkomailla. Lis\u00e4\u00e4 tietoa l\u00f6ytyy osoitteesta <a href=\"https:\/\/paivitys.rauhanyhdistys.fi\">rauhanyhdistys.fi<\/a>.<\/p>\n<\/div><div class=\"fusion-clearfix\"><\/div><\/div><\/div><\/div><\/div><\/p>\n","protected":false},"excerpt":{"rendered":"","protected":false},"author":1,"featured_media":0,"parent":0,"menu_order":0,"comment_status":"closed","ping_status":"closed","template":"","meta":{"footnotes":""},"class_list":["post-15","page","type-page","status-publish","hentry"],"_links":{"self":[{"href":"https:\/\/paivitys.rauhanyhdistys.fi\/varkaus\/wp-json\/wp\/v2\/pages\/15","targetHints":{"allow":["GET"]}}],"collection":[{"href":"https:\/\/paivitys.rauhanyhdistys.fi\/varkaus\/wp-json\/wp\/v2\/pages"}],"about":[{"href":"https:\/\/paivitys.rauhanyhdistys.fi\/varkaus\/wp-json\/wp\/v2\/types\/page"}],"author":[{"embeddable":true,"href":"https:\/\/paivitys.rauhanyhdistys.fi\/varkaus\/wp-json\/wp\/v2\/users\/1"}],"replies":[{"embeddable":true,"href":"https:\/\/paivitys.rauhanyhdistys.fi\/varkaus\/wp-json\/wp\/v2\/comments?post=15"}],"version-history":[{"count":17,"href":"https:\/\/paivitys.rauhanyhdistys.fi\/varkaus\/wp-json\/wp\/v2\/pages\/15\/revisions"}],"predecessor-version":[{"id":177,"href":"https:\/\/paivitys.rauhanyhdistys.fi\/varkaus\/wp-json\/wp\/v2\/pages\/15\/revisions\/177"}],"wp:attachment":[{"href":"https:\/\/paivitys.rauhanyhdistys.fi\/varkaus\/wp-json\/wp\/v2\/media?parent=15"}],"curies":[{"name":"wp","href":"https:\/\/api.w.org\/{rel}","templated":true}]}}