{"id":13,"date":"2017-12-13T14:06:09","date_gmt":"2017-12-13T12:06:09","guid":{"rendered":"http:\/\/34.242.2.69\/taivalkoski\/?page_id=13"},"modified":"2025-08-25T16:40:31","modified_gmt":"2025-08-25T13:40:31","slug":"etusivu","status":"publish","type":"page","link":"https:\/\/paivitys.rauhanyhdistys.fi\/tyrajarvi\/","title":{"rendered":"Etusivu"},"content":{"rendered":"<p><div class=\"fusion-fullwidth fullwidth-box fusion-builder-row-1 nonhundred-percent-fullwidth non-hundred-percent-height-scrolling\" style=\"--awb-border-radius-top-left:0px;--awb-border-radius-top-right:0px;--awb-border-radius-bottom-right:0px;--awb-border-radius-bottom-left:0px;--awb-flex-wrap:wrap;\" ><div class=\"fusion-builder-row fusion-row\"><div class=\"fusion-layout-column fusion_builder_column fusion-builder-column-0 fusion_builder_column_1_1 1_1 fusion-one-full fusion-column-first fusion-column-last\" style=\"--awb-bg-blend:overlay;--awb-bg-size:cover;\"><div class=\"fusion-column-wrapper fusion-flex-column-wrapper-legacy\"><div class=\"fusion-title title fusion-title-1 fusion-sep-none fusion-title-text fusion-title-size-one\"><h1 class=\"fusion-title-heading title-heading-left fusion-responsive-typography-calculated\" style=\"margin:0;--fontSize:34;line-height:1.4;\">Tervetuloa Tyr\u00e4j\u00e4rven rauhanyhdistykselle<\/h1><\/div><div class=\"fusion-clearfix\"><\/div><\/div><\/div><div class=\"fusion-layout-column fusion_builder_column fusion-builder-column-1 fusion_builder_column_1_1 1_1 fusion-one-full fusion-column-first fusion-column-last fusion-no-small-visibility\" style=\"--awb-bg-blend:overlay;--awb-bg-size:cover;\"><div class=\"fusion-column-wrapper fusion-flex-column-wrapper-legacy\"><div class=\"fusion-text fusion-text-1\"><p>Olet nyt Tyr\u00e4vaaran rauhanyhdistyksen nettisivuilla. Tervetuloa tutustumaan ja tulemaan k\u00e4ym\u00e4\u00e4n my\u00f6s paikan p\u00e4\u00e4ll\u00e4! Yhdistysrekisterin mukainen nimemme on Taivalkosken Tyr\u00e4j\u00e4rven Rauhanyhdistys Ry. Toimitalomme sijaitsee Tyr\u00e4vaaran p\u00e4\u00e4ll\u00e4, josta nimess\u00e4mme mainittu Tyr\u00e4j\u00e4rvikin kauniisti n\u00e4kyy.<\/p>\n<p>Asuinseudullamme &#8221;my\u00f6s is\u00e4imme uskoivat ennen ja kylviv\u00e4t leikkasivat&#8221; (V 178). He tunnustivat Suomen Evankelisluterilaisen kirkon uskontunnustuksen mukaista uskoa. T\u00e4m\u00e4n uskon s\u00e4ilytt\u00e4mist\u00e4 ja eteenp\u00e4in viemist\u00e4 varten he perustivat yhdistyksemme v. 1948. Seura- ja lauluseuraperinne on kyl\u00e4ll\u00e4mme ollut sit\u00e4 ennen jo vuosikymmeni\u00e4. Olemme kokeneet, ett\u00e4 t\u00e4ll\u00e4 ty\u00f6ll\u00e4 on ollut siunaus. Keskuudessamme on lapsiperheit\u00e4, joista iloitsemme. Haluamme luottaa, ett\u00e4 Jumala antaa &#8221;tulevaisuuden ja toivon&#8221; (Jer. 29:11) &#8211; my\u00f6s sen parhaimman!<\/p>\n<p>Kokoonnumme nykyisin n. kahden viikon v\u00e4lein toimitalollemme seuratilaisuuksiin. J\u00e4rjest\u00e4mme kodeissa pyh\u00e4kouluja ja raamattuluokkia. Toivotamme Sinut luoksemme tervetulleeksi!<\/p>\n<\/div><div class=\"fusion-clearfix\"><\/div><\/div><\/div><\/div><\/div><div class=\"fusion-fullwidth fullwidth-box fusion-builder-row-2 nonhundred-percent-fullwidth non-hundred-percent-height-scrolling\" style=\"--awb-border-radius-top-left:0px;--awb-border-radius-top-right:0px;--awb-border-radius-bottom-right:0px;--awb-border-radius-bottom-left:0px;--awb-padding-top:30px;--awb-background-color:#eeeeee;--awb-flex-wrap:wrap;\" ><div class=\"fusion-builder-row fusion-row\"><div class=\"fusion-layout-column fusion_builder_column fusion-builder-column-2 fusion_builder_column_1_2 1_2 fusion-one-half fusion-column-first\" style=\"--awb-bg-blend:overlay;--awb-bg-size:cover;width:50%;width:calc(50% - ( ( 4% ) * 0.5 ) );margin-right: 4%;\"><div class=\"fusion-column-wrapper fusion-flex-column-wrapper-legacy\"><div class=\"fusion-title title fusion-title-2 fusion-sep-none fusion-title-text fusion-title-size-one\"><h1 class=\"fusion-title-heading title-heading-left fusion-responsive-typography-calculated\" style=\"margin:0;--fontSize:34;line-height:1.4;\">Tulevat tapahtumat<\/h1><\/div><table class=\"intra\" data-id=\"126\" data-amount=\"10\" data-features=\"audio,video\"><\/table>\n<div class=\"fusion-text fusion-text-2\"><p><a href=\"https:\/\/paivitys.rauhanyhdistys.fi\/tyrajarvi\/toimintakalenteri\/\">katso lis\u00e4\u00e4 toimintakalenterista<\/a><\/p>\n<\/div><div class=\"fusion-clearfix\"><\/div><\/div><\/div><div class=\"fusion-layout-column fusion_builder_column fusion-builder-column-3 fusion_builder_column_1_2 1_2 fusion-one-half fusion-column-last\" style=\"--awb-bg-blend:overlay;--awb-bg-size:cover;width:50%;width:calc(50% - ( ( 4% ) * 0.5 ) );\"><div class=\"fusion-column-wrapper fusion-flex-column-wrapper-legacy\"><div class=\"fusion-title title fusion-title-3 fusion-sep-none fusion-title-text fusion-title-size-one\"><h1 class=\"fusion-title-heading title-heading-left fusion-responsive-typography-calculated\" style=\"margin:0;--fontSize:34;line-height:1.4;\">Ranuan opiston kurssit<\/h1><\/div><table class=\"kurle\" data-id=\"3\" data-amount=\"5\"><\/table>\n<div class=\"fusion-text fusion-text-3\"><p><a href=\"https:\/\/www.lyhytkurssille.fi\/kurssi\/ranua\/\">Lis\u00e4\u00e4 kursseja<\/a><\/p>\n<\/div><div class=\"fusion-title title fusion-title-4 fusion-sep-none fusion-title-text fusion-title-size-one\"><h1 class=\"fusion-title-heading title-heading-left fusion-responsive-typography-calculated\" style=\"margin:0;--fontSize:34;line-height:1.4;\">Leirit Rautiosaaressa<\/h1><\/div><table class=\"kurle\" data-id=\"9\" data-amount=\"5\"><\/table>\n<div class=\"fusion-text fusion-text-4\"><p><a href=\"https:\/\/www.leirille.fi\/leiri\/pohjois-suomi\/\">Lis\u00e4\u00e4 leirej\u00e4<\/a><\/p>\n<\/div><div class=\"fusion-clearfix\"><\/div><\/div><\/div><\/div><\/div><\/p>\n","protected":false},"excerpt":{"rendered":"","protected":false},"author":1,"featured_media":0,"parent":0,"menu_order":0,"comment_status":"closed","ping_status":"closed","template":"100-width.php","meta":{"footnotes":""},"class_list":["post-13","page","type-page","status-publish","hentry"],"_links":{"self":[{"href":"https:\/\/paivitys.rauhanyhdistys.fi\/tyrajarvi\/wp-json\/wp\/v2\/pages\/13","targetHints":{"allow":["GET"]}}],"collection":[{"href":"https:\/\/paivitys.rauhanyhdistys.fi\/tyrajarvi\/wp-json\/wp\/v2\/pages"}],"about":[{"href":"https:\/\/paivitys.rauhanyhdistys.fi\/tyrajarvi\/wp-json\/wp\/v2\/types\/page"}],"author":[{"embeddable":true,"href":"https:\/\/paivitys.rauhanyhdistys.fi\/tyrajarvi\/wp-json\/wp\/v2\/users\/1"}],"replies":[{"embeddable":true,"href":"https:\/\/paivitys.rauhanyhdistys.fi\/tyrajarvi\/wp-json\/wp\/v2\/comments?post=13"}],"version-history":[{"count":56,"href":"https:\/\/paivitys.rauhanyhdistys.fi\/tyrajarvi\/wp-json\/wp\/v2\/pages\/13\/revisions"}],"predecessor-version":[{"id":225,"href":"https:\/\/paivitys.rauhanyhdistys.fi\/tyrajarvi\/wp-json\/wp\/v2\/pages\/13\/revisions\/225"}],"wp:attachment":[{"href":"https:\/\/paivitys.rauhanyhdistys.fi\/tyrajarvi\/wp-json\/wp\/v2\/media?parent=13"}],"curies":[{"name":"wp","href":"https:\/\/api.w.org\/{rel}","templated":true}]}}

<p><div class="fusion-fullwidth fullwidth-box fusion-builder-row-1 nonhundred-percent-fullwidth non-hundred-percent-height-scrolling" style="--awb-border-radius-top-left:0px;--awb-border-radius-top-right:0px;--awb-border-radius-bottom-right:0px;--awb-border-radius-bottom-left:0px;--awb-flex-wrap:wrap;" ><div class="fusion-builder-row fusion-row"><div class="fusion-layout-column fusion_builder_column fusion-builder-column-0 fusion_builder_column_1_1 1_1 fusion-one-full fusion-column-first fusion-column-last" style="--awb-bg-blend:overlay;--awb-bg-size:cover;"><div class="fusion-column-wrapper fusion-flex-column-wrapper-legacy"><div class="fusion-title title fusion-title-1 fusion-sep-none fusion-title-text fusion-title-size-one"><h1 class="fusion-title-heading title-heading-left fusion-responsive-typography-calculated" style="margin:0;--fontSize:34;line-height:1.4;">Tervetuloa Tyräjärven rauhanyhdistykselle</h1></div><div class="fusion-clearfix"></div></div></div><div class="fusion-layout-column fusion_builder_column fusion-builder-column-1 fusion_builder_column_1_1 1_1 fusion-one-full fusion-column-first fusion-column-last fusion-no-small-visibility" style="--awb-bg-blend:overlay;--awb-bg-size:cover;"><div class="fusion-column-wrapper fusion-flex-column-wrapper-legacy"><div class="fusion-text fusion-text-1"><p>Olet nyt Tyrävaaran rauhanyhdistyksen nettisivuilla. Tervetuloa tutustumaan ja tulemaan käymään myös paikan päällä! Yhdistysrekisterin mukainen nimemme on Taivalkosken Tyräjärven Rauhanyhdistys Ry. Toimitalomme sijaitsee Tyrävaaran päällä, josta nimessämme mainittu Tyräjärvikin kauniisti näkyy.</p>
<p>Asuinseudullamme &#8221;myös isäimme uskoivat ennen ja kylvivät leikkasivat&#8221; (V 178). He tunnustivat Suomen Evankelisluterilaisen kirkon uskontunnustuksen mukaista uskoa. Tämän uskon säilyttämistä ja eteenpäin viemistä varten he perustivat yhdistyksemme v. 1948. Seura- ja lauluseuraperinne on kylällämme ollut sitä ennen jo vuosikymmeniä. Olemme kokeneet, että tällä työllä on ollut siunaus. Keskuudessamme on lapsiperheitä, joista iloitsemme. Haluamme luottaa, että Jumala antaa &#8221;tulevaisuuden ja toivon&#8221; (Jer. 29:11) &#8211; myös sen parhaimman!</p>
<p>Kokoonnumme nykyisin n. kahden viikon välein toimitalollemme seuratilaisuuksiin. Järjestämme kodeissa pyhäkouluja ja raamattuluokkia. Toivotamme Sinut luoksemme tervetulleeksi!</p>
</div><div class="fusion-clearfix"></div></div></div></div></div><div class="fusion-fullwidth fullwidth-box fusion-builder-row-2 nonhundred-percent-fullwidth non-hundred-percent-height-scrolling" style="--awb-border-radius-top-left:0px;--awb-border-radius-top-right:0px;--awb-border-radius-bottom-right:0px;--awb-border-radius-bottom-left:0px;--awb-padding-top:30px;--awb-background-color:#eeeeee;--awb-flex-wrap:wrap;" ><div class="fusion-builder-row fusion-row"><div class="fusion-layout-column fusion_builder_column fusion-builder-column-2 fusion_builder_column_1_2 1_2 fusion-one-half fusion-column-first" style="--awb-bg-blend:overlay;--awb-bg-size:cover;width:50%;width:calc(50% - ( ( 4% ) * 0.5 ) );margin-right: 4%;"><div class="fusion-column-wrapper fusion-flex-column-wrapper-legacy"><div class="fusion-title title fusion-title-2 fusion-sep-none fusion-title-text fusion-title-size-one"><h1 class="fusion-title-heading title-heading-left fusion-responsive-typography-calculated" style="margin:0;--fontSize:34;line-height:1.4;">Tulevat tapahtumat</h1></div><table class="intra" data-id="126" data-amount="10" data-features="audio,video"></table>
<div class="fusion-text fusion-text-2"><p><a href="https://paivitys.rauhanyhdistys.fi/tyrajarvi/toimintakalenteri/">katso lisää toimintakalenterista</a></p>
</div><div class="fusion-clearfix"></div></div></div><div class="fusion-layout-column fusion_builder_column fusion-builder-column-3 fusion_builder_column_1_2 1_2 fusion-one-half fusion-column-last" style="--awb-bg-blend:overlay;--awb-bg-size:cover;width:50%;width:calc(50% - ( ( 4% ) * 0.5 ) );"><div class="fusion-column-wrapper fusion-flex-column-wrapper-legacy"><div class="fusion-title title fusion-title-3 fusion-sep-none fusion-title-text fusion-title-size-one"><h1 class="fusion-title-heading title-heading-left fusion-responsive-typography-calculated" style="margin:0;--fontSize:34;line-height:1.4;">Ranuan opiston kurssit</h1></div><table class="kurle" data-id="3" data-amount="5"></table>
<div class="fusion-text fusion-text-3"><p><a href="https://www.lyhytkurssille.fi/kurssi/ranua/">Lisää kursseja</a></p>
</div><div class="fusion-title title fusion-title-4 fusion-sep-none fusion-title-text fusion-title-size-one"><h1 class="fusion-title-heading title-heading-left fusion-responsive-typography-calculated" style="margin:0;--fontSize:34;line-height:1.4;">Leirit Rautiosaaressa</h1></div><table class="kurle" data-id="9" data-amount="5"></table>
<div class="fusion-text fusion-text-4"><p><a href="https://www.leirille.fi/leiri/pohjois-suomi/">Lisää leirejä</a></p>
</div><div class="fusion-clearfix"></div></div></div></div></div></p>
