{"id":119,"date":"2018-08-08T07:55:21","date_gmt":"2018-08-08T04:55:21","guid":{"rendered":"http:\/\/paivitys.rauhanyhdistys.fi\/rovaniemi\/?page_id=119"},"modified":"2025-04-21T21:47:52","modified_gmt":"2025-04-21T18:47:52","slug":"nettiradio","status":"publish","type":"page","link":"https:\/\/paivitys.rauhanyhdistys.fi\/rovaniemi\/nettiradio\/","title":{"rendered":"Nettiradio"},"content":{"rendered":"<div class=\"fusion-fullwidth fullwidth-box fusion-builder-row-1 nonhundred-percent-fullwidth non-hundred-percent-height-scrolling\" style=\"--awb-border-radius-top-left:0px;--awb-border-radius-top-right:0px;--awb-border-radius-bottom-right:0px;--awb-border-radius-bottom-left:0px;--awb-flex-wrap:wrap;\" ><div class=\"fusion-builder-row fusion-row\"><div class=\"fusion-layout-column fusion_builder_column fusion-builder-column-0 fusion_builder_column_1_1 1_1 fusion-one-full fusion-column-first fusion-column-last\" style=\"--awb-bg-size:cover;\"><div class=\"fusion-column-wrapper fusion-flex-column-wrapper-legacy\"><div class=\"fusion-widget-area awb-widget-area-element fusion-widget-area-1 fusion-content-widget-area\" style=\"--awb-title-size:10px;--awb-background-color:#fcfcfc;--awb-title-color:#333333;--awb-padding:0px 0px 0px 0px;\"><section id=\"media_image-3\" class=\"fusion-slidingbar-widget-column widget widget_media_image\" style=\"border-style: solid;border-color:transparent;border-width:0px;\"><h4 class=\"widget-title\">Avaa nettiradio klikkaamalla radiokuvaketta<\/h4><a href=\"http:\/\/nettiradio.srk.fi:8000\/seurat_roi.mp3\"><img decoding=\"async\" width=\"296\" height=\"296\" src=\"https:\/\/paivitys.rauhanyhdistys.fi\/rovaniemi\/wp-content\/uploads\/sites\/83\/2020\/05\/nettiradio.png\" class=\"image wp-image-219  attachment-full size-full\" alt=\"\" style=\"max-width: 100%; height: auto;\" srcset=\"https:\/\/paivitys.rauhanyhdistys.fi\/rovaniemi\/wp-content\/uploads\/sites\/83\/2020\/05\/nettiradio-66x66.png 66w, https:\/\/paivitys.rauhanyhdistys.fi\/rovaniemi\/wp-content\/uploads\/sites\/83\/2020\/05\/nettiradio-150x150.png 150w, https:\/\/paivitys.rauhanyhdistys.fi\/rovaniemi\/wp-content\/uploads\/sites\/83\/2020\/05\/nettiradio-200x200.png 200w, https:\/\/paivitys.rauhanyhdistys.fi\/rovaniemi\/wp-content\/uploads\/sites\/83\/2020\/05\/nettiradio.png 296w\" sizes=\"(max-width: 296px) 100vw, 296px\" \/><\/a><div style=\"clear:both;\"><\/div><\/section><section id=\"custom_html-8\" class=\"widget_text fusion-slidingbar-widget-column widget widget_custom_html\" style=\"border-style: solid;border-color:transparent;border-width:0px;\"><h4 class=\"widget-title\">Nettiradion varasoitin<\/h4><div class=\"textwidget custom-html-widget\">Varasoitin: <a href=\"http:\/\/nettiradio.srk.fi:8000\/seurat_roi.mp3\">Avaa klikkaamalla linkki\u00e4<\/a>\r\n<\/div><div style=\"clear:both;\"><\/div><\/section><div class=\"fusion-additional-widget-content\"><\/div><\/div>Vinkki: voit tallentaa selaimesi suosikkeihin osoitteen http:\/\/nettiradio.srk.fi:8000\/seurat_roi.mp3, joka on Rovaniemen Rauhanyhdistyksen nettiradion osoite. T\u00e4ll\u00f6in jos rauhanyhdistys.fi\/rovaniemi sivu ei avaudu, p\u00e4\u00e4set kuitenkin kuuntelemaan nettiradiota seurojen aikaan.<\/p>\n<p>Vinkki2: Jos nettiradio ilmoittaa: \u201d404 \u2013 The file your request cloud not be found\u201d. Se tarkoittaa sit\u00e4, ett\u00e4 l\u00e4hetyst\u00e4 toimitalolta ei olla viel\u00e4 kytketty p\u00e4\u00e4lle. Yrit\u00e4 hetken p\u00e4\u00e4st\u00e4 avata soitin uudelleen. <div class=\"fusion-clearfix\"><\/div><\/div><\/div><\/div><\/div>\n","protected":false},"excerpt":{"rendered":"","protected":false},"author":74,"featured_media":0,"parent":0,"menu_order":0,"comment_status":"closed","ping_status":"closed","template":"","meta":{"footnotes":""},"class_list":["post-119","page","type-page","status-publish","hentry"],"_links":{"self":[{"href":"https:\/\/paivitys.rauhanyhdistys.fi\/rovaniemi\/wp-json\/wp\/v2\/pages\/119","targetHints":{"allow":["GET"]}}],"collection":[{"href":"https:\/\/paivitys.rauhanyhdistys.fi\/rovaniemi\/wp-json\/wp\/v2\/pages"}],"about":[{"href":"https:\/\/paivitys.rauhanyhdistys.fi\/rovaniemi\/wp-json\/wp\/v2\/types\/page"}],"author":[{"embeddable":true,"href":"https:\/\/paivitys.rauhanyhdistys.fi\/rovaniemi\/wp-json\/wp\/v2\/users\/74"}],"replies":[{"embeddable":true,"href":"https:\/\/paivitys.rauhanyhdistys.fi\/rovaniemi\/wp-json\/wp\/v2\/comments?post=119"}],"version-history":[{"count":24,"href":"https:\/\/paivitys.rauhanyhdistys.fi\/rovaniemi\/wp-json\/wp\/v2\/pages\/119\/revisions"}],"predecessor-version":[{"id":504,"href":"https:\/\/paivitys.rauhanyhdistys.fi\/rovaniemi\/wp-json\/wp\/v2\/pages\/119\/revisions\/504"}],"wp:attachment":[{"href":"https:\/\/paivitys.rauhanyhdistys.fi\/rovaniemi\/wp-json\/wp\/v2\/media?parent=119"}],"curies":[{"name":"wp","href":"https:\/\/api.w.org\/{rel}","templated":true}]}}