{"id":354,"date":"2024-01-25T16:08:25","date_gmt":"2024-01-25T14:08:25","guid":{"rendered":"https:\/\/paivitys.rauhanyhdistys.fi\/pudasjarvi\/?page_id=354"},"modified":"2024-01-30T17:39:26","modified_gmt":"2024-01-30T15:39:26","slug":"jasenanomus","status":"publish","type":"page","link":"https:\/\/paivitys.rauhanyhdistys.fi\/pudasjarvi\/jasenanomus\/","title":{"rendered":"Liity j\u00e4seneksi"},"content":{"rendered":"<h3><strong>Tervetuloa Pudasj\u00e4rven Rauhanyhdistys ry:n j\u00e4seneksi!<\/strong><\/h3>\n<p>Yhdistyksen j\u00e4seneksi voidaan hyv\u00e4ksy\u00e4 uskovainen, 15 vuotta t\u00e4ytt\u00e4nyt henkil\u00f6, joka t\u00e4ytt\u00e4\u00e4 yhdistyksen s\u00e4\u00e4nt\u00f6ihin kirjatut edellytykset. S\u00e4\u00e4nn\u00f6t p\u00e4ivittyv\u00e4t nettisivuille l\u00e4hiaikoina.<\/p>\n<p>J\u00e4senhakemuksen voi tehd\u00e4 toimitalolta saatavalla lomakkeella tai netiss\u00e4. Lomakkeen saa toimitalolta sek\u00e4 yhdistyksen sihteerilt\u00e4. K\u00e4sin t\u00e4ytetty lomake palautetaan seurais\u00e4nn\u00e4lle tai sihteerille.<\/p>\n<p>J\u00e4senhakemus k\u00e4sitell\u00e4\u00e4n yhdistyksen johtokunnassa. P\u00e4\u00e4t\u00f6s l\u00e4hetet\u00e4\u00e4n hakijalle kirjeitse hakemuksessa ilmoitettuun osoitteeseen.<\/p>\n<p>S\u00e4hk\u00f6isesti allekirjoitettavalle liittymislomakkeelle p\u00e4\u00e4set t\u00e4st\u00e4 <a href=\"https:\/\/eu1.documents.adobe.com\/public\/esignWidget?wid=CBFCIBAA3AAABLblqZhBiK2ogNKGThZlx6l5mT9uJI_v0aoUxtyBQOQEIY7T3nElszk-jJA-N_jazWNtJIqk*\" target=\"_blank\" rel=\"noopener\">linkist\u00e4<\/a>.<\/p>\n<p>Jos olet Pudasj\u00e4rven Rauhanyhdistyksen j\u00e4sen, voit p\u00e4ivitt\u00e4\u00e4 tietosi tai peruuttaa j\u00e4senyytesi t\u00e4st\u00e4 <a href=\"https:\/\/eu1.documents.adobe.com\/public\/esignWidget?wid=CBFCIBAA3AAABLblqZhCAWQTvzCb8nsUFnSYZSlFbG2rMqAMK9eLYl7VzEI8-67vcX6Rf-FVJDG1QzXwnrDI*\">linkist\u00e4.<\/a><\/p>\n<p><a href=\"https:\/\/paivitys.rauhanyhdistys.fi\/pudasjarvi\/wp-content\/uploads\/sites\/52\/2024\/01\/Tietosuojaseloste.pdf\">Tietosuojaseloste<\/a><\/p>\n","protected":false},"excerpt":{"rendered":"<p>Tervetuloa Pudasj\u00e4rven Rauhanyhdistys ry:n j\u00e4seneksi! Yhdistyksen j\u00e4seneksi voidaan hyv\u00e4ksy\u00e4 uskovainen,  [&#8230;]<\/p>\n","protected":false},"author":42,"featured_media":0,"parent":0,"menu_order":0,"comment_status":"closed","ping_status":"closed","template":"","meta":{"footnotes":""},"class_list":["post-354","page","type-page","status-publish","hentry"],"_links":{"self":[{"href":"https:\/\/paivitys.rauhanyhdistys.fi\/pudasjarvi\/wp-json\/wp\/v2\/pages\/354","targetHints":{"allow":["GET"]}}],"collection":[{"href":"https:\/\/paivitys.rauhanyhdistys.fi\/pudasjarvi\/wp-json\/wp\/v2\/pages"}],"about":[{"href":"https:\/\/paivitys.rauhanyhdistys.fi\/pudasjarvi\/wp-json\/wp\/v2\/types\/page"}],"author":[{"embeddable":true,"href":"https:\/\/paivitys.rauhanyhdistys.fi\/pudasjarvi\/wp-json\/wp\/v2\/users\/42"}],"replies":[{"embeddable":true,"href":"https:\/\/paivitys.rauhanyhdistys.fi\/pudasjarvi\/wp-json\/wp\/v2\/comments?post=354"}],"version-history":[{"count":16,"href":"https:\/\/paivitys.rauhanyhdistys.fi\/pudasjarvi\/wp-json\/wp\/v2\/pages\/354\/revisions"}],"predecessor-version":[{"id":372,"href":"https:\/\/paivitys.rauhanyhdistys.fi\/pudasjarvi\/wp-json\/wp\/v2\/pages\/354\/revisions\/372"}],"wp:attachment":[{"href":"https:\/\/paivitys.rauhanyhdistys.fi\/pudasjarvi\/wp-json\/wp\/v2\/media?parent=354"}],"curies":[{"name":"wp","href":"https:\/\/api.w.org\/{rel}","templated":true}]}}