{"id":292,"date":"2019-12-12T14:03:46","date_gmt":"2019-12-12T12:03:46","guid":{"rendered":"http:\/\/paivitys.rauhanyhdistys.fi\/nivala\/?page_id=292"},"modified":"2024-12-15T14:31:31","modified_gmt":"2024-12-15T12:31:31","slug":"tilavuokraus","status":"publish","type":"page","link":"https:\/\/paivitys.rauhanyhdistys.fi\/nivala\/tilavuokraus\/","title":{"rendered":"Tilavuokraus"},"content":{"rendered":"<p>Nivalan rauhanyhdistyksen tiloja voi vuokrata esim. juhlien j\u00e4rjest\u00e4mist\u00e4 varten.<\/p>\n<p><strong>Koko talon vuokra <\/strong><\/p>\n<p>J\u00e4senille\u00a0\u00a0\u00a0\u00a0 \u00a0 350 \u20ac<\/p>\n<p>Ei j\u00e4senille\u00a0\u00a0 500 \u20ac<\/p>\n<p><strong>\u00a0<\/strong><strong>Ruokasali ja keitti\u00f6<\/strong><\/p>\n<p><strong>\u00a0<\/strong>J\u00e4senille\u00a0\u00a0\u00a0\u00a0\u00a0\u00a0 250 \u20ac<\/p>\n<p>Ei j\u00e4senille\u00a0\u00a0 350 \u20ac<\/p>\n<p><strong>Keitti\u00f6 yksist\u00e4\u00e4n 200 \u20ac<\/strong><\/p>\n<p>&nbsp;<\/p>\n<p>Tilojen vuokrauksesta ole yhteydess\u00e4 s\u00e4hk\u00f6postitse: <a href=\"mailto:tilavuokraus@nivalanry.fi\" rel=\"noreferrer\">tilavuokraus@nivalanry.fi<\/a><\/p>\n<p>Vuokrausta tehdess\u00e4 huomioidaan toimitalon oma vakituinen seura- ja muu k\u00e4ytt\u00f6, ne ovat etusijalla.<\/p>\n<p>Tilojen vuokraaja huolehtii tilaisuuden j\u00e4lkeen <strong>siivouksesta<\/strong> ja <strong>liinojen pesusta.<\/strong><\/p>\n<p><strong>\u00a0<\/strong>Isot valkeat juhlaliinat pit\u00e4\u00e4 pesett\u00e4\u00e4 aina Nivalan pesulassa, ei omassa tai Ry:n pesukoneessa. <strong>Liinojen pesun maksaa vuokraaja.<\/strong> Ilmoita pesulaan maksajan nimi ja osoite laskutusta varten.<\/p>\n<p>Ry:ll\u00e4 on lis\u00e4ksi valkeita kaitaliinoja , joita voi k\u00e4ytt\u00e4\u00e4 omissa tai ry:n juhlissa sek\u00e4 muistokahvituksissa. N\u00e4m\u00e4 kaitaliinat voidaan pest\u00e4 ry:n pesukoneessa ja silitt\u00e4\u00e4 heti pesun j\u00e4lkeen. Juhlan j\u00e4rjest\u00e4j\u00e4 huolehtii n\u00e4idenkin liinojen huollon. Pyykkihuolto ei kuulu en\u00e4\u00e4 siivoojalle.<\/p>\n<p><strong>Rauhanyhdistyksen astioita ja liinoja ei vuokrata \/ lainata Ry:n ulkopuoliseen k\u00e4ytt\u00f6\u00f6n<\/strong>, lukuunottamatta vanhoja kahvinkeittimi\u00e4. Keittimien vuokra on 20 \u20ac \/kpl.<\/p>\n<p><em>Johtokunta ja em\u00e4nn\u00e4t\u00a0\u00a0\u00a0<\/em><\/p>\n","protected":false},"excerpt":{"rendered":"<p>Nivalan rauhanyhdistyksen tiloja voi vuokrata esim. juhlien j\u00e4rjest\u00e4mist\u00e4 varten. Koko  [&#8230;]<\/p>\n","protected":false},"author":7,"featured_media":0,"parent":0,"menu_order":0,"comment_status":"closed","ping_status":"closed","template":"","meta":{"footnotes":""},"class_list":["post-292","page","type-page","status-publish","hentry"],"_links":{"self":[{"href":"https:\/\/paivitys.rauhanyhdistys.fi\/nivala\/wp-json\/wp\/v2\/pages\/292","targetHints":{"allow":["GET"]}}],"collection":[{"href":"https:\/\/paivitys.rauhanyhdistys.fi\/nivala\/wp-json\/wp\/v2\/pages"}],"about":[{"href":"https:\/\/paivitys.rauhanyhdistys.fi\/nivala\/wp-json\/wp\/v2\/types\/page"}],"author":[{"embeddable":true,"href":"https:\/\/paivitys.rauhanyhdistys.fi\/nivala\/wp-json\/wp\/v2\/users\/7"}],"replies":[{"embeddable":true,"href":"https:\/\/paivitys.rauhanyhdistys.fi\/nivala\/wp-json\/wp\/v2\/comments?post=292"}],"version-history":[{"count":3,"href":"https:\/\/paivitys.rauhanyhdistys.fi\/nivala\/wp-json\/wp\/v2\/pages\/292\/revisions"}],"predecessor-version":[{"id":531,"href":"https:\/\/paivitys.rauhanyhdistys.fi\/nivala\/wp-json\/wp\/v2\/pages\/292\/revisions\/531"}],"wp:attachment":[{"href":"https:\/\/paivitys.rauhanyhdistys.fi\/nivala\/wp-json\/wp\/v2\/media?parent=292"}],"curies":[{"name":"wp","href":"https:\/\/api.w.org\/{rel}","templated":true}]}}

<p>Nivalan rauhanyhdistyksen tiloja voi vuokrata esim. juhlien järjestämistä varten.</p>
<p><strong>Koko talon vuokra </strong></p>
<p>Jäsenille       350 €</p>
<p>Ei jäsenille   500 €</p>
<p><strong> </strong><strong>Ruokasali ja keittiö</strong></p>
<p><strong> </strong>Jäsenille       250 €</p>
<p>Ei jäsenille   350 €</p>
<p><strong>Keittiö yksistään 200 €</strong></p>
<p>&nbsp;</p>
<p>Tilojen vuokrauksesta ole yhteydessä sähköpostitse: <a href="mailto:tilavuokraus@nivalanry.fi" rel="noreferrer">tilavuokraus@nivalanry.fi</a></p>
<p>Vuokrausta tehdessä huomioidaan toimitalon oma vakituinen seura- ja muu käyttö, ne ovat etusijalla.</p>
<p>Tilojen vuokraaja huolehtii tilaisuuden jälkeen <strong>siivouksesta</strong> ja <strong>liinojen pesusta.</strong></p>
<p><strong> </strong>Isot valkeat juhlaliinat pitää pesettää aina Nivalan pesulassa, ei omassa tai Ry:n pesukoneessa. <strong>Liinojen pesun maksaa vuokraaja.</strong> Ilmoita pesulaan maksajan nimi ja osoite laskutusta varten.</p>
<p>Ry:llä on lisäksi valkeita kaitaliinoja , joita voi käyttää omissa tai ry:n juhlissa sekä muistokahvituksissa. Nämä kaitaliinat voidaan pestä ry:n pesukoneessa ja silittää heti pesun jälkeen. Juhlan järjestäjä huolehtii näidenkin liinojen huollon. Pyykkihuolto ei kuulu enää siivoojalle.</p>
<p><strong>Rauhanyhdistyksen astioita ja liinoja ei vuokrata / lainata Ry:n ulkopuoliseen käyttöön</strong>, lukuunottamatta vanhoja kahvinkeittimiä. Keittimien vuokra on 20 € /kpl.</p>
<p><em>Johtokunta ja emännät   </em></p>

<p>Nivalan rauhanyhdistyksen tiloja voi vuokrata esim. juhlien järjestämistä varten. Koko  [&#8230;]</p>
