{"id":288,"date":"2022-03-13T18:55:22","date_gmt":"2022-03-13T16:55:22","guid":{"rendered":"https:\/\/paivitys.rauhanyhdistys.fi\/mantsala\/?page_id=288"},"modified":"2025-08-28T17:36:21","modified_gmt":"2025-08-28T14:36:21","slug":"jaseneksi","status":"publish","type":"page","link":"https:\/\/paivitys.rauhanyhdistys.fi\/mantsala\/jaseneksi\/","title":{"rendered":"J\u00e4seneksi"},"content":{"rendered":"<div class=\"fusion-fullwidth fullwidth-box fusion-builder-row-1 fusion-flex-container nonhundred-percent-fullwidth non-hundred-percent-height-scrolling\" style=\"--awb-border-radius-top-left:0px;--awb-border-radius-top-right:0px;--awb-border-radius-bottom-right:0px;--awb-border-radius-bottom-left:0px;--awb-flex-wrap:wrap;\" ><div class=\"fusion-builder-row fusion-row fusion-flex-align-items-flex-start fusion-flex-content-wrap\" style=\"max-width:1144px;margin-left: calc(-4% \/ 2 );margin-right: calc(-4% \/ 2 );\"><div class=\"fusion-layout-column fusion_builder_column fusion-builder-column-0 fusion_builder_column_1_1 1_1 fusion-flex-column\" style=\"--awb-bg-size:cover;--awb-width-large:100%;--awb-margin-top-large:0px;--awb-spacing-right-large:1.92%;--awb-margin-bottom-large:20px;--awb-spacing-left-large:1.92%;--awb-width-medium:100%;--awb-order-medium:0;--awb-spacing-right-medium:1.92%;--awb-spacing-left-medium:1.92%;--awb-width-small:100%;--awb-order-small:0;--awb-spacing-right-small:1.92%;--awb-spacing-left-small:1.92%;\"><div class=\"fusion-column-wrapper fusion-column-has-shadow fusion-flex-justify-content-flex-start fusion-content-layout-column\"><div class=\"fusion-text fusion-text-1\"><p>Pyyd\u00e4n, ett\u00e4 minut hyv\u00e4ksytt\u00e4isiin M\u00e4nts\u00e4l\u00e4n Rauhanyhdistys ry:n j\u00e4seneksi.<\/p>\n<p>Vakuutan, ett\u00e4<\/p>\n<ul>\n<li>asun vakinaisesti M\u00e4nts\u00e4l\u00e4n Rauhanyhdistys ry:n toimialueella<\/li>\n<li>olen uskomassa Pyh\u00e4ss\u00e4 Raamatussa ilmaistun hengen ja opin mukaisesti<\/li>\n<li>tahdon toiminnallani edesauttaa yhdistyksen s\u00e4\u00e4nn\u00f6iss\u00e4 m\u00e4\u00e4ritellyn tarkoituksen toteutumista ja noudattaa yhdistyksen ja SRK:n kokousten p\u00e4\u00e4t\u00f6ksi\u00e4<\/li>\n<li>sitoudun maksamaan vuosittain j\u00e4senmaksun<\/li>\n<\/ul>\n<p>Hyv\u00e4ksyn, ett\u00e4 alla antamani tiedot siirret\u00e4\u00e4n j\u00e4senrekisteriin.<\/p>\n<div class='fluentform ff-default fluentform_wrapper_2 ffs_default_wrap'><form data-form_id=\"2\" id=\"fluentform_2\" class=\"frm-fluent-form fluent_form_2 ff-el-form-top ff_form_instance_2_1 ff-form-loading ffs_default\" data-form_instance=\"ff_form_instance_2_1\" method=\"POST\" ><fieldset  style=\"border: none!important;margin: 0!important;padding: 0!important;background-color: transparent!important;box-shadow: none!important;outline: none!important; min-inline-size: 100%;\">\n                    <legend class=\"ff_screen_reader_title\" style=\"display: block; margin: 0!important;padding: 0!important;height: 0!important;text-indent: -999999px;width: 0!important;overflow:hidden;\">J\u00e4senhakemus<\/legend><input type='hidden' name='__fluent_form_embded_post_id' value='288' \/><input type=\"hidden\" id=\"_fluentform_2_fluentformnonce\" name=\"_fluentform_2_fluentformnonce\" value=\"14b5513081\" \/><input type=\"hidden\" name=\"_wp_http_referer\" value=\"\/mantsala\/wp-json\/wp\/v2\/pages\/288\" \/><div class='ff-el-group'><div class=\"ff-el-input--label ff-el-is-required asterisk-right\"><label for='ff_2_firstname_1739703206964' id='label_ff_2_firstname_1739703206964' >Etunimi<\/label><\/div><div class='ff-el-input--content'><input type=\"text\" name=\"firstname_1739703206964\" class=\"ff-el-form-control\" id=\"ff_2_firstname_1739703206964\" data-name=\"firstname_1739703206964\"  aria-invalid=\"false\" aria-required=true><\/div><\/div><div class='ff-el-group'><div class=\"ff-el-input--label ff-el-is-required asterisk-right\"><label for='ff_2_lastname_1739703214546' id='label_ff_2_lastname_1739703214546' >Sukunimi<\/label><\/div><div class='ff-el-input--content'><input type=\"text\" name=\"lastname_1739703214546\" class=\"ff-el-form-control\" id=\"ff_2_lastname_1739703214546\" data-name=\"lastname_1739703214546\"  aria-invalid=\"false\" aria-required=true><\/div><\/div><div class='ff-el-group'><div class=\"ff-el-input--label ff-el-is-required asterisk-right\"><label for='ff_2_email_1739703226616' id='label_ff_2_email_1739703226616' aria-label=\"S\u00e4hk\u00f6posti\">S\u00e4hk\u00f6posti<\/label><\/div><div class='ff-el-input--content'><input type=\"email\" name=\"email_1739703226616\" class=\"ff-el-form-control\" id=\"ff_2_email_1739703226616\" data-name=\"email_1739703226616\"  aria-invalid=\"false\" aria-required=true><\/div><\/div><div class='ff-el-group'><div class=\"ff-el-input--label ff-el-is-required asterisk-right\"><label for='ff_2_input_text_puhelin' id='label_ff_2_input_text_puhelin' aria-label=\"Puhelin\">Puhelin<\/label><\/div><div class='ff-el-input--content'><input type=\"text\" name=\"input_text_puhelin\" class=\"ff-el-form-control\" data-name=\"input_text_puhelin\" id=\"ff_2_input_text_puhelin\"  aria-invalid=\"false\" aria-required=true><\/div><\/div><div class='ff-el-group'><div class=\"ff-el-input--label ff-el-is-required asterisk-right\"><label for='ff_2_syntymaaika_1739703353645' id='label_ff_2_syntymaaika_1739703353645' aria-label=\"Syntym\u00e4aika\">Syntym\u00e4aika<\/label><\/div><div class='ff-el-input--content'><input  aria-label='Syntym\u00e4aika Use arrow keys to navigate dates. Press enter to select a date.'  aria-haspopup='dialog' data-type-datepicker data-format='DD.MM.YYYY' name=\"syntymaaika_1739703353645\" type=\"text\" class=\"ff-el-form-control ff-el-datepicker\" id=\"ff_2_syntymaaika_1739703353645\" data-name=\"syntymaaika_1739703353645\"  aria-invalid='false' aria-required=true><\/div><\/div><div class='ff-el-group'><div class=\"ff-el-input--label ff-el-is-required asterisk-right\"><label for='ff_2_katuosoite_1739703372486' id='label_ff_2_katuosoite_1739703372486' aria-label=\"Katuosoite\">Katuosoite<\/label><\/div><div class='ff-el-input--content'><input type=\"text\" name=\"katuosoite_1739703372486\" class=\"ff-el-form-control\" id=\"ff_2_katuosoite_1739703372486\" data-name=\"katuosoite_1739703372486\"  aria-invalid=\"false\" aria-required=true><\/div><\/div><div class='ff-el-group'><div class=\"ff-el-input--label ff-el-is-required asterisk-right\"><label for='ff_2_postinumero_1739703398072' id='label_ff_2_postinumero_1739703398072' aria-label=\"Postinumero\">Postinumero<\/label><\/div><div class='ff-el-input--content'><input type=\"text\" name=\"postinumero_1739703398072\" class=\"ff-el-form-control\" id=\"ff_2_postinumero_1739703398072\" data-name=\"postinumero_1739703398072\"  aria-invalid=\"false\" aria-required=true><\/div><\/div><div class='ff-el-group'><div class=\"ff-el-input--label ff-el-is-required asterisk-right\"><label for='ff_2_postitoimipaikka_1739703414715' id='label_ff_2_postitoimipaikka_1739703414715' aria-label=\"Postitoimipaikka\">Postitoimipaikka<\/label><\/div><div class='ff-el-input--content'><input type=\"text\" name=\"postitoimipaikka_1739703414715\" class=\"ff-el-form-control\" id=\"ff_2_postitoimipaikka_1739703414715\" data-name=\"postitoimipaikka_1739703414715\"  aria-invalid=\"false\" aria-required=true><\/div><\/div><div class='ff-el-group'><div class=\"ff-el-input--label asterisk-right\"><label for='ff_2_rauhanyhdistys_jonka_jasen_olen_ollut_aikaisemmin_1739703469127' id='label_ff_2_rauhanyhdistys_jonka_jasen_olen_ollut_aikaisemmin_1739703469127' aria-label=\"Rauhanyhdistys, jonka j\u00e4sen olen ollut aikaisemmin\">Rauhanyhdistys, jonka j\u00e4sen olen ollut aikaisemmin<\/label><\/div><div class='ff-el-input--content'><input type=\"text\" name=\"rauhanyhdistys_jonka_jasen_olen_ollut_aikaisemmin_1739703469127\" class=\"ff-el-form-control\" id=\"ff_2_rauhanyhdistys_jonka_jasen_olen_ollut_aikaisemmin_1739703469127\" data-name=\"rauhanyhdistys_jonka_jasen_olen_ollut_aikaisemmin_1739703469127\"  aria-invalid=\"false\" aria-required=false><\/div><\/div><div class='ff-el-group'><div class=\"ff-el-input--label asterisk-right\"><label for='ff_2_mantsalan_rauhanyhdistyksen_jasen_jonka_tunnen_ja_joka_tuntee_minut_1739703511322' id='label_ff_2_mantsalan_rauhanyhdistyksen_jasen_jonka_tunnen_ja_joka_tuntee_minut_1739703511322' aria-label=\"M\u00e4nts\u00e4l\u00e4n rauhanyhdistyksen j\u00e4sen, jonka tunnen ja joka tuntee minut\">M\u00e4nts\u00e4l\u00e4n rauhanyhdistyksen j\u00e4sen, jonka tunnen ja joka tuntee minut<\/label><\/div><div class='ff-el-input--content'><input type=\"text\" name=\"mantsalan_rauhanyhdistyksen_jasen_jonka_tunnen_ja_joka_tuntee_minut_1739703511322\" class=\"ff-el-form-control\" id=\"ff_2_mantsalan_rauhanyhdistyksen_jasen_jonka_tunnen_ja_joka_tuntee_minut_1739703511322\" data-name=\"mantsalan_rauhanyhdistyksen_jasen_jonka_tunnen_ja_joka_tuntee_minut_1739703511322\"  aria-invalid=\"false\" aria-required=false><\/div><\/div><div class='ff-el-group ff-text-left ff_submit_btn_wrapper'><button type=\"submit\" class=\"ff-btn ff-btn-submit ff-btn-md ff_btn_style\"  aria-label=\"L\u00e4het\u00e4\">L\u00e4het\u00e4<\/button><\/div><\/fieldset><\/form><div id='fluentform_2_errors' class='ff-errors-in-stack ff_form_instance_2_1 ff-form-loading_errors ff_form_instance_2_1_errors'><\/div><\/div>            <script type=\"text\/javascript\">\n                window.fluent_form_ff_form_instance_2_1 = {\"id\":\"2\",\"settings\":{\"layout\":{\"labelPlacement\":\"top\",\"asteriskPlacement\":\"asterisk-right\",\"helpMessagePlacement\":\"with_label\",\"errorMessagePlacement\":\"inline\",\"cssClassName\":\"\"},\"restrictions\":{\"denyEmptySubmission\":{\"enabled\":false}}},\"form_instance\":\"ff_form_instance_2_1\",\"form_id_selector\":\"fluentform_2\",\"rules\":{\"firstname_1739703206964\":{\"required\":{\"value\":true,\"message\":\"This field is required\",\"global\":false,\"global_message\":\"This field is required\"}},\"lastname_1739703214546\":{\"required\":{\"value\":true,\"message\":\"This field is required\",\"global\":false,\"global_message\":\"This field is required\"}},\"email_1739703226616\":{\"required\":{\"value\":true,\"message\":\"This field is required\",\"global\":false,\"global_message\":\"This field is required\"},\"email\":{\"value\":1,\"message\":\"This field must contain a valid email\",\"global\":false,\"global_message\":\"This field must contain a valid email\"}},\"input_text_puhelin\":{\"required\":{\"value\":true,\"message\":\"This field is required\",\"global_message\":\"This field is required\",\"global\":true}},\"syntymaaika_1739703353645\":{\"required\":{\"value\":true,\"message\":\"This field is required\",\"global\":false,\"global_message\":\"This field is required\"}},\"katuosoite_1739703372486\":{\"required\":{\"value\":true,\"message\":\"This field is required\",\"global\":false,\"global_message\":\"This field is required\"}},\"postinumero_1739703398072\":{\"required\":{\"value\":true,\"message\":\"This field is required\",\"global\":false,\"global_message\":\"This field is required\"}},\"postitoimipaikka_1739703414715\":{\"required\":{\"value\":true,\"message\":\"This field is required\",\"global\":false,\"global_message\":\"This field is required\"}},\"rauhanyhdistys_jonka_jasen_olen_ollut_aikaisemmin_1739703469127\":{\"required\":{\"value\":false,\"message\":\"This field is required\",\"global\":false,\"global_message\":\"This field is required\"}},\"mantsalan_rauhanyhdistyksen_jasen_jonka_tunnen_ja_joka_tuntee_minut_1739703511322\":{\"required\":{\"value\":false,\"message\":\"This field is required\",\"global\":false,\"global_message\":\"This field is required\"}}},\"debounce_time\":300};\n                            <\/script>\n            \n<\/div><\/div><\/div><\/div><\/div>\n","protected":false},"excerpt":{"rendered":"","protected":false},"author":181,"featured_media":0,"parent":0,"menu_order":0,"comment_status":"closed","ping_status":"closed","template":"","meta":{"footnotes":""},"class_list":["post-288","page","type-page","status-publish","hentry"],"_links":{"self":[{"href":"https:\/\/paivitys.rauhanyhdistys.fi\/mantsala\/wp-json\/wp\/v2\/pages\/288","targetHints":{"allow":["GET"]}}],"collection":[{"href":"https:\/\/paivitys.rauhanyhdistys.fi\/mantsala\/wp-json\/wp\/v2\/pages"}],"about":[{"href":"https:\/\/paivitys.rauhanyhdistys.fi\/mantsala\/wp-json\/wp\/v2\/types\/page"}],"author":[{"embeddable":true,"href":"https:\/\/paivitys.rauhanyhdistys.fi\/mantsala\/wp-json\/wp\/v2\/users\/181"}],"replies":[{"embeddable":true,"href":"https:\/\/paivitys.rauhanyhdistys.fi\/mantsala\/wp-json\/wp\/v2\/comments?post=288"}],"version-history":[{"count":7,"href":"https:\/\/paivitys.rauhanyhdistys.fi\/mantsala\/wp-json\/wp\/v2\/pages\/288\/revisions"}],"predecessor-version":[{"id":378,"href":"https:\/\/paivitys.rauhanyhdistys.fi\/mantsala\/wp-json\/wp\/v2\/pages\/288\/revisions\/378"}],"wp:attachment":[{"href":"https:\/\/paivitys.rauhanyhdistys.fi\/mantsala\/wp-json\/wp\/v2\/media?parent=288"}],"curies":[{"name":"wp","href":"https:\/\/api.w.org\/{rel}","templated":true}]}}