{"id":540,"date":"2023-05-03T21:46:40","date_gmt":"2023-05-03T18:46:40","guid":{"rendered":"https:\/\/paivitys.rauhanyhdistys.fi\/kuopio\/?page_id=540"},"modified":"2023-05-03T21:46:40","modified_gmt":"2023-05-03T18:46:40","slug":"jasenyys","status":"publish","type":"page","link":"https:\/\/paivitys.rauhanyhdistys.fi\/kuopio\/jasenyys\/","title":{"rendered":"J\u00e4senyys"},"content":{"rendered":"<p>Kuopion ja ymp\u00e4rist\u00f6n rauhanyhdistys on ottanut k\u00e4ytt\u00f6\u00f6n s\u00e4hk\u00f6isen j\u00e4senrekisterin. Alla olevasta linkist\u00e4 p\u00e4\u00e4set sivulle, jonka kautta voit p\u00e4ivitt\u00e4\u00e4 j\u00e4sentietojasi.<\/p>\n<p><a href=\"https:\/\/kuopionjaymparistonrauhanyhdistys.seura.info\/\">Siirry hallinnoimaan tietojasi t\u00e4st\u00e4 <\/a><\/p>\n<p>Tietosuoja-asetuksen mukaisen selosteen henkil\u00f6tietojen k\u00e4sittelyst\u00e4 voit ladata <a href=\"https:\/\/paivitys.rauhanyhdistys.fi\/kuopio\/wp-content\/uploads\/sites\/39\/2023\/05\/tietosuojaseloste.pdf\" target=\"_blank\" rel=\"noopener\">t\u00e4st\u00e4 linkist\u00e4<\/a>.<\/p>\n","protected":false},"excerpt":{"rendered":"<p>Kuopion ja ymp\u00e4rist\u00f6n rauhanyhdistys on ottanut k\u00e4ytt\u00f6\u00f6n s\u00e4hk\u00f6isen j\u00e4senrekisterin. Alla  [&#8230;]<\/p>\n","protected":false},"author":25,"featured_media":0,"parent":0,"menu_order":0,"comment_status":"closed","ping_status":"closed","template":"","meta":{"footnotes":""},"class_list":["post-540","page","type-page","status-publish","hentry"],"_links":{"self":[{"href":"https:\/\/paivitys.rauhanyhdistys.fi\/kuopio\/wp-json\/wp\/v2\/pages\/540","targetHints":{"allow":["GET"]}}],"collection":[{"href":"https:\/\/paivitys.rauhanyhdistys.fi\/kuopio\/wp-json\/wp\/v2\/pages"}],"about":[{"href":"https:\/\/paivitys.rauhanyhdistys.fi\/kuopio\/wp-json\/wp\/v2\/types\/page"}],"author":[{"embeddable":true,"href":"https:\/\/paivitys.rauhanyhdistys.fi\/kuopio\/wp-json\/wp\/v2\/users\/25"}],"replies":[{"embeddable":true,"href":"https:\/\/paivitys.rauhanyhdistys.fi\/kuopio\/wp-json\/wp\/v2\/comments?post=540"}],"version-history":[{"count":1,"href":"https:\/\/paivitys.rauhanyhdistys.fi\/kuopio\/wp-json\/wp\/v2\/pages\/540\/revisions"}],"predecessor-version":[{"id":542,"href":"https:\/\/paivitys.rauhanyhdistys.fi\/kuopio\/wp-json\/wp\/v2\/pages\/540\/revisions\/542"}],"wp:attachment":[{"href":"https:\/\/paivitys.rauhanyhdistys.fi\/kuopio\/wp-json\/wp\/v2\/media?parent=540"}],"curies":[{"name":"wp","href":"https:\/\/api.w.org\/{rel}","templated":true}]}}