{"id":505,"date":"2022-08-17T18:48:12","date_gmt":"2022-08-17T15:48:12","guid":{"rendered":"https:\/\/paivitys.rauhanyhdistys.fi\/kuopio\/?page_id=505"},"modified":"2023-05-03T22:13:28","modified_gmt":"2023-05-03T19:13:28","slug":"tietoa-uusille-kuopiolaisille","status":"publish","type":"page","link":"https:\/\/paivitys.rauhanyhdistys.fi\/kuopio\/tietoa-uusille-kuopiolaisille\/","title":{"rendered":"Tietoa uusille kuopiolaisille"},"content":{"rendered":"<div class=\"fusion-fullwidth fullwidth-box fusion-builder-row-1 fusion-flex-container nonhundred-percent-fullwidth non-hundred-percent-height-scrolling\" style=\"--awb-border-radius-top-left:0px;--awb-border-radius-top-right:0px;--awb-border-radius-bottom-right:0px;--awb-border-radius-bottom-left:0px;--awb-flex-wrap:wrap;\" ><div class=\"fusion-builder-row fusion-row fusion-flex-align-items-flex-start fusion-flex-content-wrap\" style=\"max-width:1144px;margin-left: calc(-4% \/ 2 );margin-right: calc(-4% \/ 2 );\"><div class=\"fusion-layout-column fusion_builder_column fusion-builder-column-0 fusion_builder_column_1_2 1_2 fusion-flex-column\" style=\"--awb-bg-size:cover;--awb-width-large:50%;--awb-margin-top-large:0px;--awb-spacing-right-large:3.84%;--awb-margin-bottom-large:20px;--awb-spacing-left-large:3.84%;--awb-width-medium:100%;--awb-order-medium:0;--awb-spacing-right-medium:1.92%;--awb-spacing-left-medium:1.92%;--awb-width-small:100%;--awb-order-small:0;--awb-spacing-right-small:1.92%;--awb-spacing-left-small:1.92%;\"><div class=\"fusion-column-wrapper fusion-column-has-shadow fusion-flex-justify-content-flex-start fusion-content-layout-column\"><div class=\"fusion-text fusion-text-1\"><p><b>Tietoa rauhanyhdistyksen toiminnasta uusille kuopiolaisille<\/b><\/p>\n<p>Rauhanyhdistyksen toiminnasta tiedotetaan ajantasaisesti rauhanyhdistyksen internet-sivuilla. Lis\u00e4ksi rauhanyhdistys julkaisee kaksi kertaa vuodessa (kev\u00e4t ja syksy) paperisen puolivuositiedotteen, jonka voi ottaa itselleen rauhayhdistyksen eteisest\u00e4, ilmoitustaulun vieress\u00e4 olevasta laatikosta. Puolivuositiedote sis\u00e4lt\u00e4\u00e4 puolivuosiohjelman lis\u00e4ksi runsaasti tietoa rauhanyhdistyksen toiminnasta.<\/p>\n<p>Rauhanyhdistyksell\u00e4 on facebook-sivut (Kuopion Rauhanyhdistys ry) ja lis\u00e4ksi toimii ainakin kaksi suljettua facebook-ryhm\u00e4\u00e4: Kuopion ry:n lapsiperheet ja Kuopion nuoret. N\u00e4iss\u00e4 k\u00e4yd\u00e4\u00e4n vapaamuotoista keskustelua ja ilmoitetaan vaihtelevasti eri tapahtumista.<\/p>\n<p>Rauhanyhdistyksell\u00e4 toimii kuusi eri \u2019myyj\u00e4ispiiri\u00e4\u2019, joille on kullekin perustettu oma vapaamuotoinen whatsapp-ryhm\u00e4 yhteydenpidon helpottamiseksi ja k\u00e4yt\u00e4nn\u00f6n toiminnasta keskustelemiseksi. Ryhmiin liittym\u00e4ll\u00e4 p\u00e4\u00e4see helposti mukaan k\u00e4yt\u00e4nn\u00f6n toimintaan ja saa lis\u00e4\u00e4 tietoa. Piirit ovat keskusta, Etel\u00e4-kuopiolaiset, Saaristokaupunki, Vuorela-Toivala, It\u00e4-Siilinj\u00e4rvi ja L\u00e4nsi-Siilinj\u00e4rvi. Nuorilla on lis\u00e4ksi oma whatsapp-ryhm\u00e4. Whatsapp-ryhmiin p\u00e4\u00e4sy\u00e4 voi pyyt\u00e4\u00e4 esim. pyh\u00e4koulun aluevastuuhenkil\u00f6ilt\u00e4 tai nuorten ideointiryhm\u00e4n edustajalta (yhteystiedot puolivuositiedotteessa).<\/p>\n<p>Seuraavassa tarkempaa tietoa seuratoiminnasta, lapsi- ja nuorisoty\u00f6st\u00e4 sek\u00e4 siit\u00e4, miten p\u00e4\u00e4set mukaan rauhanyhdistyksen eri toimintamuotoihin.<\/p>\n<p><b>Seurat<\/b><\/p>\n<p>&#8211; Seuroja j\u00e4rjestet\u00e4\u00e4n p\u00e4\u00e4s\u00e4\u00e4nt\u00f6isesti keskiviikkoisin ja lauantaisin klo 19:00 sek\u00e4 sunnuntaisin, jolloin on kaksi tai kolme seurapuhetta.<\/p>\n<p>&#8211; Kes\u00e4aikana seuroja on harvemmin.<\/p>\n<p>&#8211; Lis\u00e4ksi tai vaihtoehtoisesti j\u00e4rjestet\u00e4\u00e4n mm. lasten seuroja, keskusteluiltoja, kirkkoseuroja, kirkkopyhi\u00e4 l\u00e4hialueen kirkoissa sek\u00e4 seuroja palvelukodeissa.<\/p>\n<p>&#8211; Tarkemmat tiedot l\u00f6ytyv\u00e4t puolivuositiedotteesta ja nettisivuilta.<\/p>\n<p><b>Lapsi- ja nuorisoty\u00f6<\/b><\/p>\n<p>&#8211; P\u00e4iv\u00e4kerho on tarkoitettu 4-6-vuotiaille lapsille<\/p>\n<p>o P\u00e4iv\u00e4kerhoja pidet\u00e4\u00e4n torstaisin klo 17.30 Kuopion rauhanyhdistyksen toimitalolla p\u00e4iv\u00e4kerhotiloissa ja Siilinj\u00e4rvell\u00e4 Hamulan koululla (Harjam\u00e4enraitti 15 B ovi)<\/p>\n<p>&#8211; Pyh\u00e4koulu on tarkoitettu alle 4-luokkalaisille lapsille<\/p>\n<p>o Pyh\u00e4kouluja pidet\u00e4\u00e4n sunnuntaisin pyh\u00e4koulupiireitt\u00e4in rauhanyhdistyksell\u00e4, kodeissa tai ulkokohteissa.<\/p>\n<p>o Pyh\u00e4koulupiirej\u00e4 on monia: Kuopion keskusta, Saaristokaupunki, Etel\u00e4-Kuopio A (Hiltulanlahti, Vehmasm\u00e4ki, Kurkim\u00e4ki ja n\u00e4iden etel\u00e4puoliset alueet) Etel\u00e4-Kuopio B (Karttulan tien alue ja L\u00e4nsirannan maaseutualueet), Toivala-Muuruvesi, L\u00e4nsi-Siilinj\u00e4rvi ja It\u00e4-Siilinj\u00e4rvi<\/p>\n<p>\u2022 Keskustan alueen rauhanyhdistyksen pyh\u00e4koulu on klo 15.30 akvaariossa tai olohuoneessa. Sinne ovat tervetulleita my\u00f6s muiden alueiden lapset.<\/p>\n<p>\u2022 Muiden alueiden pyh\u00e4koulu on joko klo 11.00 tai 11.30.<\/p>\n<p>\u2022 Puolivuositiedotteesta ja internet-sivujen toimintakalenterista (ajantasainen tieto) l\u00f6ytyv\u00e4t tarkemmat paikat ja ajankohdat eri alueilla. Jos nettisivuilla ei ole esimerkiksi tietosuojasyist\u00e4 pyh\u00e4koulupaikan osoitetta, puolivuositiedotteesta l\u00f6ytyy pyh\u00e4koulualuevastaavan nimi, jolta osoitteen voi tiedustella.<\/p>\n<\/div><\/div><\/div><div class=\"fusion-layout-column fusion_builder_column fusion-builder-column-1 fusion_builder_column_1_2 1_2 fusion-flex-column\" style=\"--awb-bg-size:cover;--awb-width-large:50%;--awb-margin-top-large:0px;--awb-spacing-right-large:3.84%;--awb-margin-bottom-large:20px;--awb-spacing-left-large:3.84%;--awb-width-medium:100%;--awb-order-medium:0;--awb-spacing-right-medium:1.92%;--awb-spacing-left-medium:1.92%;--awb-width-small:100%;--awb-order-small:0;--awb-spacing-right-small:1.92%;--awb-spacing-left-small:1.92%;\"><div class=\"fusion-column-wrapper fusion-column-has-shadow fusion-flex-justify-content-flex-start fusion-content-layout-column\"><div class=\"fusion-text fusion-text-2\"><p>&#8211; Raamattuluokka on tarkoitettu 4.-6.-luokkalaisille lapsille.<\/p>\n<p>o Raamattuluokat pidet\u00e4\u00e4n rauhanyhdistyksell\u00e4 perjantaisin klo 18:30-20.00 vuoroviikoin siilinj\u00e4rvisille ja kuopiolaisille.<\/p>\n<p>o Raamattuluokissa on tarjoilu, 2 euroa\/lapsi.<\/p>\n<p>&#8211; Yl\u00e4kouluilta on tarkoitettu 7.-8.- luokkalaisille nuorille, ja Nuorten perjantai eli NUPE on tarkoitettu rippikoulun k\u00e4yneille ja vanhemmille nuorille.<\/p>\n<p>o Yl\u00e4kouluilta ja NUPE pidet\u00e4\u00e4n rauhanyhdistyksell\u00e4 vuoroviikoin perjantaisin klo 18.30-20.00.<\/p>\n<p>o Molemmissa on tarjoilu, 2 euroa\/hl\u00f6. Tarjoilut maksetaan MobilePayll\u00e4 rauhanyhdistyksen numeroon 30148.<\/p>\n<p>&#8211; Rippikouluty\u00f6 (kodinillat, talvip\u00e4iv\u00e4t) pidet\u00e4\u00e4n rauhanyhdistyksell\u00e4 erikseen ilmoitettavina ajankohtina.<\/p>\n<p>&#8211; Lastenhoitoiltoja j\u00e4rjestet\u00e4\u00e4n rauhanyhdistyksell\u00e4 erikseen ilmoitettavina ajankohtina.<\/p>\n<p>&#8211; Keskusteluiltoja j\u00e4rjestet\u00e4\u00e4n rauhanyhdistyksell\u00e4 erikseen ilmoitettavina ajankohtina.<\/p>\n<p>&#8211; Ideointiryhm\u00e4 j\u00e4rjest\u00e4\u00e4 opiskelijoille toimintaa<\/p>\n<p><b>Ilmoittautuminen rauhanyhdistyksen ty\u00f6ryhmiin<\/b><\/p>\n<p>&#8211; Olet tervetullut mukaan rauhanyhdistyksen toimintaan ja eri ty\u00f6ryhmiin. Voit ilmoittautua mukaan keitti\u00f6-, leivonta- ja siivousryhmiin. Yhteystiedot l\u00f6ytyv\u00e4t puolivuositiedotteesta.<\/p>\n<p><b>J\u00e4seneksi ilmoittautuminen<\/b><\/p>\n<p>S\u00e4hk\u00f6inen j\u00e4senlomake ja tietosuojaseloste l\u00f6ytyy <a href=\"https:\/\/paivitys.rauhanyhdistys.fi\/kuopio\/jasenyys\/\">J\u00e4senyys-sivulta<\/a>.<\/p>\n<\/div><\/div><\/div><\/div><\/div>\n","protected":false},"excerpt":{"rendered":"","protected":false},"author":25,"featured_media":0,"parent":0,"menu_order":0,"comment_status":"closed","ping_status":"closed","template":"","meta":{"footnotes":""},"class_list":["post-505","page","type-page","status-publish","hentry"],"_links":{"self":[{"href":"https:\/\/paivitys.rauhanyhdistys.fi\/kuopio\/wp-json\/wp\/v2\/pages\/505","targetHints":{"allow":["GET"]}}],"collection":[{"href":"https:\/\/paivitys.rauhanyhdistys.fi\/kuopio\/wp-json\/wp\/v2\/pages"}],"about":[{"href":"https:\/\/paivitys.rauhanyhdistys.fi\/kuopio\/wp-json\/wp\/v2\/types\/page"}],"author":[{"embeddable":true,"href":"https:\/\/paivitys.rauhanyhdistys.fi\/kuopio\/wp-json\/wp\/v2\/users\/25"}],"replies":[{"embeddable":true,"href":"https:\/\/paivitys.rauhanyhdistys.fi\/kuopio\/wp-json\/wp\/v2\/comments?post=505"}],"version-history":[{"count":5,"href":"https:\/\/paivitys.rauhanyhdistys.fi\/kuopio\/wp-json\/wp\/v2\/pages\/505\/revisions"}],"predecessor-version":[{"id":547,"href":"https:\/\/paivitys.rauhanyhdistys.fi\/kuopio\/wp-json\/wp\/v2\/pages\/505\/revisions\/547"}],"wp:attachment":[{"href":"https:\/\/paivitys.rauhanyhdistys.fi\/kuopio\/wp-json\/wp\/v2\/media?parent=505"}],"curies":[{"name":"wp","href":"https:\/\/api.w.org\/{rel}","templated":true}]}}