{"id":15,"date":"2017-12-13T14:06:19","date_gmt":"2017-12-13T12:06:19","guid":{"rendered":"http:\/\/34.242.2.69\/kuopio\/?page_id=15"},"modified":"2021-11-10T22:41:45","modified_gmt":"2021-11-10T20:41:45","slug":"toimintamuodot","status":"publish","type":"page","link":"https:\/\/paivitys.rauhanyhdistys.fi\/kuopio\/toimintamuodot\/","title":{"rendered":"Toimintamuodot"},"content":{"rendered":"<div class=\"fusion-fullwidth fullwidth-box fusion-builder-row-1 nonhundred-percent-fullwidth non-hundred-percent-height-scrolling\" style=\"--awb-border-radius-top-left:0px;--awb-border-radius-top-right:0px;--awb-border-radius-bottom-right:0px;--awb-border-radius-bottom-left:0px;--awb-flex-wrap:wrap;\" ><div class=\"fusion-builder-row fusion-row\"><div class=\"fusion-layout-column fusion_builder_column fusion-builder-column-0 fusion_builder_column_1_2 1_2 fusion-one-half fusion-column-first\" style=\"--awb-bg-size:cover;width:50%;width:calc(50% - ( ( 4% ) * 0.5 ) );margin-right: 4%;\"><div class=\"fusion-column-wrapper fusion-flex-column-wrapper-legacy\"><div class=\"fusion-title title fusion-title-1 fusion-sep-none fusion-title-text fusion-title-size-one\"><h1 class=\"fusion-title-heading title-heading-left fusion-responsive-typography-calculated\" style=\"margin:0;--fontSize:34;line-height:1.4;\"><h1 class=\"content-box-heading\">Yhdistyksen tarkoitus<\/h1><\/h1><\/div><div class=\"fusion-text fusion-text-1\"><div>Kuopion ja Ymp\u00e4rist\u00f6n Rauhanyhdistys ry:n tarkoituksena on her\u00e4tt\u00e4\u00e4 ja elvytt\u00e4\u00e4 kristillist\u00e4 uskonel\u00e4m\u00e4\u00e4 ja el\u00e4m\u00e4ntapoja. Yhdistys kuuluu Suomen Rauhanyhdistysten Keskusyhdistykseen (SRK), joka edustaa vanhoillislestadiolaisuutta. J\u00e4senet ovat Suomen evankelis-luterilaisen kirkon j\u00e4seni\u00e4. Yhdistyksen keskeisint\u00e4 toimintaa on seurojen j\u00e4rjest\u00e4minen. Seuroihin niin kuin muuhunkin toimintaan on vapaa p\u00e4\u00e4sy ja kaikki ovat l\u00e4mpim\u00e4sti tervetulleita!<\/div>\n<\/div><div class=\"fusion-clearfix\"><\/div><\/div><\/div><div class=\"fusion-layout-column fusion_builder_column fusion-builder-column-1 fusion_builder_column_1_2 1_2 fusion-one-half fusion-column-last\" style=\"--awb-bg-size:cover;width:50%;width:calc(50% - ( ( 4% ) * 0.5 ) );\"><div class=\"fusion-column-wrapper fusion-flex-column-wrapper-legacy\"><div class=\"fusion-title title fusion-title-2 fusion-sep-none fusion-title-text fusion-title-size-one\"><h1 class=\"fusion-title-heading title-heading-left fusion-responsive-typography-calculated\" style=\"margin:0;--fontSize:34;line-height:1.4;\"><h1 class=\"content-box-heading\">Seurat<\/h1><\/h1><\/div><div class=\"fusion-text fusion-text-2\"><div class=\"heading icon-left\">\n<p>Seurat pidet\u00e4\u00e4n yleens\u00e4 keskiviikkoisin, lauantaisin ja sunnuntaisin toimitalolla. Seuroissa on yksi tai useampi seurapuhe, jonka pit\u00e4\u00e4 pappi tai maallikkosaarnaaja. Puheiden v\u00e4liss\u00e4 on v\u00e4liaika, jolloin on mahdollisuus k\u00e4ytt\u00e4\u00e4 seuraravintolan palveluja. Seuroja j\u00e4rjestet\u00e4\u00e4n oman toimitalon lis\u00e4ksi toimialueen kirkoissa ja seurakuntataloissa, vanhusten hoitokodeissa sek\u00e4 kodeissa.<\/p>\n<\/div>\n<\/div><div class=\"fusion-clearfix\"><\/div><\/div><\/div><div class=\"fusion-layout-column fusion_builder_column fusion-builder-column-2 fusion_builder_column_1_2 1_2 fusion-one-half fusion-column-first\" style=\"--awb-bg-size:cover;width:50%;width:calc(50% - ( ( 4% ) * 0.5 ) );margin-right: 4%;\"><div class=\"fusion-column-wrapper fusion-flex-column-wrapper-legacy\"><div class=\"fusion-title title fusion-title-3 fusion-sep-none fusion-title-text fusion-title-size-one\"><h1 class=\"fusion-title-heading title-heading-left fusion-responsive-typography-calculated\" style=\"margin:0;--fontSize:34;line-height:1.4;\"><h1 class=\"content-box-heading\">Lapsi- ja nuorisoty\u00f6<\/h1><\/h1><\/div><div class=\"fusion-text fusion-text-3\"><div class=\"heading icon-left\">\n<p>Lapsi- ja nuorisoty\u00f6 tukee kotien kasvatusty\u00f6t\u00e4. Opetuksen p\u00e4\u00e4paino on lasten ja nuorten omakohtaisen uskon tukeminen. Toimintamuotoja:<\/p>\n<ul>\n<li><u>P\u00e4iv\u00e4kerho<\/u> on tarkoitettu 4-6 vuotiaille lapsille ja niit\u00e4 pidet\u00e4\u00e4n sek\u00e4 Kuopion rauhanyhdistyksen toimitalolla ett\u00e4 Siilinj\u00e4rvell\u00e4 Hamulan koululla.<\/li>\n<li><u>Kaverikerho<\/u> on tarkoitettu 1.-3. luokkalaisille lapsille. Kerhossa lapsilla on mahdollisuus viett\u00e4\u00e4 aikaa yhdess\u00e4 ja tutustua toisiinsa yhteisen tekemisen kautta. Kerhoa j\u00e4rjestet\u00e4\u00e4n rauhanyhdistyksell\u00e4.<\/li>\n<li><u>Pyh\u00e4koulu<\/u> on tarkoitettu alle 4. luokkalaisille lapsille. Pyh\u00e4kouluja pidet\u00e4\u00e4n sunnuntaisin pyh\u00e4koulupiireitt\u00e4in rauhanyhdistyksell\u00e4, kodeissa tai ulkokohteissa. Pyh\u00e4koulupiirej\u00e4 on rauhanyhdistyksen alueella seitsem\u00e4n.<\/li>\n<li><u>Raamattuluokka<\/u> on tarkoitettu 4. &#8211; 6. luokkalaisille lapsille. Raamattuluokka j\u00e4rjestet\u00e4\u00e4n perjantaisin rauhanyhdistyksen toimitalolla, vuoroviikon Kuopiossa ja Siilinj\u00e4rvell\u00e4 asuville.<\/li>\n<li><u>Yl\u00e4kouluilta<\/u> on tarkoitettu 7.-8.- luokkalaisille nuorille, ja se j\u00e4rjestet\u00e4\u00e4n parillisten viikkojen perjantaina rauhanyhdistyksen toimitalolla.<\/li>\n<li><u>Nuorten perjantai<\/u> (NUPE) tarkoitettu rippikoulun k\u00e4yneille ja vanhemmille nuorille. Se j\u00e4rjestet\u00e4\u00e4n parittomien viikkojen perjantaina rauhanyhdistyksen toimitalolla.<\/li>\n<\/ul>\n<p>Tapahtumien tarkemmat ajat ja paikat l\u00f6ytyy <a href=\"https:\/\/paivitys.rauhanyhdistys.fi\/kuopio\/toimintakalenteri\/\">Toimintakalenteri<\/a>-sivulta. N\u00e4iden lis\u00e4ksi j\u00e4rjestet\u00e4\u00e4n SRK:n leirikeskuksissa erilaisia leirej\u00e4. Leiri-ilmoittautumisiin on linkki etusivulla.<\/p>\n<\/div>\n<\/div><div class=\"fusion-clearfix\"><\/div><\/div><\/div><div class=\"fusion-layout-column fusion_builder_column fusion-builder-column-3 fusion_builder_column_1_2 1_2 fusion-one-half fusion-column-last\" style=\"--awb-bg-size:cover;width:50%;width:calc(50% - ( ( 4% ) * 0.5 ) );\"><div class=\"fusion-column-wrapper fusion-flex-column-wrapper-legacy\"><div class=\"fusion-title title fusion-title-4 fusion-sep-none fusion-title-text fusion-title-size-one\"><h1 class=\"fusion-title-heading title-heading-left fusion-responsive-typography-calculated\" style=\"margin:0;--fontSize:34;line-height:1.4;\">Perhe- ja diakoniaty\u00f6<\/h1><\/div><div class=\"fusion-text fusion-text-4\"><p>Diakoniaty\u00f6ss\u00e4 keskeist\u00e4 on auttaa ja tukea l\u00e4himm\u00e4isi\u00e4 erilaisissa el\u00e4m\u00e4ntilanteissa. Perhe- ja diakoniatoimikunta\u00a0tukee perheit\u00e4 organisoimalla lastenhoito- ja muuta apua. Toimikunta\u00a0j\u00e4rjest\u00e4\u00e4 k\u00e4yntej\u00e4 ja vierailuja vanhusten koteihin. Mahdollisia avuntarvitsijoita ohjataan hakemaan ja k\u00e4ytt\u00e4m\u00e4\u00e4n yhteiskunnan ja seurakunnan avustuspalveluja.<\/p>\n<\/div><div class=\"fusion-clearfix\"><\/div><\/div><\/div><\/div><\/div>\n","protected":false},"excerpt":{"rendered":"","protected":false},"author":1,"featured_media":0,"parent":0,"menu_order":0,"comment_status":"closed","ping_status":"closed","template":"","meta":{"footnotes":""},"class_list":["post-15","page","type-page","status-publish","hentry"],"_links":{"self":[{"href":"https:\/\/paivitys.rauhanyhdistys.fi\/kuopio\/wp-json\/wp\/v2\/pages\/15","targetHints":{"allow":["GET"]}}],"collection":[{"href":"https:\/\/paivitys.rauhanyhdistys.fi\/kuopio\/wp-json\/wp\/v2\/pages"}],"about":[{"href":"https:\/\/paivitys.rauhanyhdistys.fi\/kuopio\/wp-json\/wp\/v2\/types\/page"}],"author":[{"embeddable":true,"href":"https:\/\/paivitys.rauhanyhdistys.fi\/kuopio\/wp-json\/wp\/v2\/users\/1"}],"replies":[{"embeddable":true,"href":"https:\/\/paivitys.rauhanyhdistys.fi\/kuopio\/wp-json\/wp\/v2\/comments?post=15"}],"version-history":[{"count":16,"href":"https:\/\/paivitys.rauhanyhdistys.fi\/kuopio\/wp-json\/wp\/v2\/pages\/15\/revisions"}],"predecessor-version":[{"id":474,"href":"https:\/\/paivitys.rauhanyhdistys.fi\/kuopio\/wp-json\/wp\/v2\/pages\/15\/revisions\/474"}],"wp:attachment":[{"href":"https:\/\/paivitys.rauhanyhdistys.fi\/kuopio\/wp-json\/wp\/v2\/media?parent=15"}],"curies":[{"name":"wp","href":"https:\/\/api.w.org\/{rel}","templated":true}]}}