{"id":642,"date":"2021-03-19T17:52:48","date_gmt":"2021-03-19T15:52:48","guid":{"rendered":"https:\/\/paivitys.rauhanyhdistys.fi\/kokkola\/?page_id=642"},"modified":"2024-08-20T09:32:45","modified_gmt":"2024-08-20T06:32:45","slug":"varainhankinta","status":"publish","type":"page","link":"https:\/\/paivitys.rauhanyhdistys.fi\/kokkola\/varainhankinta\/","title":{"rendered":"Varainhankinta"},"content":{"rendered":"<h1>VARAINHANKINTA<\/h1>\n<h2><strong>Rahanker\u00e4yslupa:<\/strong><\/h2>\n<p><span class=\"s2\">Kokkolan seudun Rauhanyhdistyksell\u00e4 on valtakunnallinen rahanker\u00e4yslupa <\/span><strong><span class=\"s3\">RA 2021\/<\/span><span class=\"s3\">37<\/span><\/strong><\/p>\n<p><strong><span class=\"s3\">Rahanker\u00e4yksen j\u00e4rjest\u00e4j\u00e4:<\/span><\/strong> <span class=\"s2\">Kokkolan seudun Rauhanyhdistys ry.<\/span><\/p>\n<p><b>J\u00e4rjest\u00e4j\u00e4n yhteystiedot:<\/b><\/p>\n<p><span class=\"s2\">Kokkolan seudun Rauhanyhdistys ry.<br \/>\nElisabetintie 34, <span class=\"s2\">67700 Kokkola<\/span><span class=\"s2\"><br \/>\n<\/span><span class=\"s2\">kokkolan.rauhanyhdistys(at)<\/span><span class=\"s2\">gmail.com<\/span><br \/>\n<\/span><\/p>\n<p class=\"s4\">Ker\u00e4tyt varat k\u00e4ytet\u00e4\u00e4n yhdistyksen yleishy\u00f6dylliseen toimintaan, kuten seuratoimintaan, kerhotoimintaan sek\u00e4 lapsi- ja nuorisoty\u00f6h\u00f6n. Varoja voidaan k\u00e4ytt\u00e4\u00e4 my\u00f6s lapsi- ja nuorisoty\u00f6n monitoimitilojen laajentamiseen ja toimitalon peruskorjaamiseen sek\u00e4 laajennusta ja peruskorjausta varten nostetun pankkilainan lyhennyksiin ja korkokuluihin. Lis\u00e4ksi varoja voidaan k\u00e4ytt\u00e4\u00e4 toimitalon k\u00e4ytt\u00f6kuluihin, silt\u00e4 osin kuin tilat ovat yksinomaan yleishy\u00f6dyllisess\u00e4 k\u00e4yt\u00f6ss\u00e4.<\/p>\n<p><strong>Mobile Pay<\/strong> numero <strong>41 390<\/strong> on kolehtia varten.<\/p>\n<p>&nbsp;<\/p>\n<h2><strong>Tavara-arpajaislupa<\/strong><\/h2>\n<p><strong>RA2023\/1515<\/strong>, voimassa 07.12.2023 &#8211; 10.02.2024 v\u00e4lisen ajan, koko maassa poislukien Ahvenanmaa.<\/p>\n<p><a href=\"https:\/\/paivitys.rauhanyhdistys.fi\/kokkola\/wp-content\/uploads\/sites\/38\/2023\/12\/arvonnan_saannot.pdf\">Arvonnan s\u00e4\u00e4nn\u00f6t<\/a><\/p>\n<p>&nbsp;<\/p>\n<h2 style=\"font-weight: 400\"><strong>Pankkiyhteystiedot:<\/strong><\/h2>\n<p style=\"font-weight: 400\"><strong>K\u00e4ytt\u00f6tili: <\/strong>FI48 4912 0040 0066 69<\/p>\n<p style=\"font-weight: 400\"><strong>Varainhankinta:<\/strong> FI26 4912 0040 0066 77<\/p>\n<p><strong>Kuukausilahjoitustili:<\/strong> FI26 4912 0040 0066 77, viitenumero 1245<\/p>\n<p style=\"font-weight: 400\">Huom! Jos tilisiirrossa on viesti -kent\u00e4ss\u00e4 teksti\u00e4, pankki veloittaa jokaisesta t\u00e4llaisesta maksusta lis\u00e4maksua. T\u00e4st\u00e4 syyst\u00e4 k\u00e4yt\u00e4 tilisiirrossa mieluiten pelkk\u00e4\u00e4 viitenumeroa.<\/p>\n<p>&nbsp;<\/p>\n<h2><b>K\u00e4yt\u00f6ss\u00e4 olevat MobilePay-nrot:<\/b><\/h2>\n<div>\n<p class=\"x_MsoNormal\">KOLEHTI\u00a0 \u00a0 \u00a0 \u00a0 \u00a0 \u00a0 \u00a0 \u00a0 \u00a0 \u00a0 \u00a0 \u00a0 \u00a041 390<\/p>\n<p class=\"x_MsoNormal\">RAVINTOLA\u00a0 \u00a0 \u00a0 \u00a0 \u00a0 \u00a0 \u00a0 \u00a0 \u00a0 \u00a0 35 334<\/p>\n<p class=\"x_MsoNormal\">MYYJ\u00c4ISET\u00a0 \u00a0 \u00a0 \u00a0 \u00a0 \u00a0 \u00a0 \u00a0 \u00a0 \u00a0 \u00a064 423<\/p>\n<p class=\"x_MsoNormal\">KIOSKI\u00a0 \u00a0 \u00a0 \u00a0 \u00a0 \u00a0 \u00a0 \u00a0 \u00a0 \u00a0 \u00a0 \u00a0 \u00a0 \u00a0 \u00a0 18 070<\/p>\n<p class=\"x_MsoNormal\">J\u00c4SENMAKSUT\u00a0 \u00a0 \u00a0 \u00a0 \u00a0 \u00a0 \u00a0 93\u00a0540<\/p>\n<p class=\"x_MsoNormal\">RAKENNUSKOLEHTI\u00a0 \u00a0 \u00a011\u00a0630<\/p>\n<p class=\"x_MsoNormal\">KYYTIMAKSUT\u00a0 \u00a0 \u00a0 \u00a0 \u00a0 \u00a0 \u00a0 \u00a086\u00a0630<\/p>\n<\/div>\n<p>&nbsp;<\/p>\n<p><img decoding=\"async\" class=\"alignnone size-full wp-image-1411\" src=\"https:\/\/paivitys.rauhanyhdistys.fi\/kokkola\/wp-content\/uploads\/sites\/38\/2024\/07\/WhatsApp-Image-2024-07-12-at-10.20.36.jpeg\" alt=\"\" width=\"1396\" height=\"1600\" srcset=\"https:\/\/paivitys.rauhanyhdistys.fi\/kokkola\/wp-content\/uploads\/sites\/38\/2024\/07\/WhatsApp-Image-2024-07-12-at-10.20.36-66x76.jpeg 66w, https:\/\/paivitys.rauhanyhdistys.fi\/kokkola\/wp-content\/uploads\/sites\/38\/2024\/07\/WhatsApp-Image-2024-07-12-at-10.20.36-177x203.jpeg 177w, https:\/\/paivitys.rauhanyhdistys.fi\/kokkola\/wp-content\/uploads\/sites\/38\/2024\/07\/WhatsApp-Image-2024-07-12-at-10.20.36-200x229.jpeg 200w, https:\/\/paivitys.rauhanyhdistys.fi\/kokkola\/wp-content\/uploads\/sites\/38\/2024\/07\/WhatsApp-Image-2024-07-12-at-10.20.36-262x300.jpeg 262w, https:\/\/paivitys.rauhanyhdistys.fi\/kokkola\/wp-content\/uploads\/sites\/38\/2024\/07\/WhatsApp-Image-2024-07-12-at-10.20.36-300x344.jpeg 300w, https:\/\/paivitys.rauhanyhdistys.fi\/kokkola\/wp-content\/uploads\/sites\/38\/2024\/07\/WhatsApp-Image-2024-07-12-at-10.20.36-320x367.jpeg 320w, https:\/\/paivitys.rauhanyhdistys.fi\/kokkola\/wp-content\/uploads\/sites\/38\/2024\/07\/WhatsApp-Image-2024-07-12-at-10.20.36-400x458.jpeg 400w, https:\/\/paivitys.rauhanyhdistys.fi\/kokkola\/wp-content\/uploads\/sites\/38\/2024\/07\/WhatsApp-Image-2024-07-12-at-10.20.36-460x527.jpeg 460w, https:\/\/paivitys.rauhanyhdistys.fi\/kokkola\/wp-content\/uploads\/sites\/38\/2024\/07\/WhatsApp-Image-2024-07-12-at-10.20.36-540x619.jpeg 540w, https:\/\/paivitys.rauhanyhdistys.fi\/kokkola\/wp-content\/uploads\/sites\/38\/2024\/07\/WhatsApp-Image-2024-07-12-at-10.20.36-600x688.jpeg 600w, https:\/\/paivitys.rauhanyhdistys.fi\/kokkola\/wp-content\/uploads\/sites\/38\/2024\/07\/WhatsApp-Image-2024-07-12-at-10.20.36-669x767.jpeg 669w, https:\/\/paivitys.rauhanyhdistys.fi\/kokkola\/wp-content\/uploads\/sites\/38\/2024\/07\/WhatsApp-Image-2024-07-12-at-10.20.36-700x802.jpeg 700w, https:\/\/paivitys.rauhanyhdistys.fi\/kokkola\/wp-content\/uploads\/sites\/38\/2024\/07\/WhatsApp-Image-2024-07-12-at-10.20.36-768x880.jpeg 768w, https:\/\/paivitys.rauhanyhdistys.fi\/kokkola\/wp-content\/uploads\/sites\/38\/2024\/07\/WhatsApp-Image-2024-07-12-at-10.20.36-800x917.jpeg 800w, https:\/\/paivitys.rauhanyhdistys.fi\/kokkola\/wp-content\/uploads\/sites\/38\/2024\/07\/WhatsApp-Image-2024-07-12-at-10.20.36-893x1024.jpeg 893w, https:\/\/paivitys.rauhanyhdistys.fi\/kokkola\/wp-content\/uploads\/sites\/38\/2024\/07\/WhatsApp-Image-2024-07-12-at-10.20.36-940x1077.jpeg 940w, https:\/\/paivitys.rauhanyhdistys.fi\/kokkola\/wp-content\/uploads\/sites\/38\/2024\/07\/WhatsApp-Image-2024-07-12-at-10.20.36-1200x1375.jpeg 1200w, https:\/\/paivitys.rauhanyhdistys.fi\/kokkola\/wp-content\/uploads\/sites\/38\/2024\/07\/WhatsApp-Image-2024-07-12-at-10.20.36-1340x1536.jpeg 1340w, https:\/\/paivitys.rauhanyhdistys.fi\/kokkola\/wp-content\/uploads\/sites\/38\/2024\/07\/WhatsApp-Image-2024-07-12-at-10.20.36.jpeg 1396w\" sizes=\"(max-width: 1396px) 100vw, 1396px\" \/><\/p>\n","protected":false},"excerpt":{"rendered":"<p>VARAINHANKINTA Rahanker\u00e4yslupa: Kokkolan seudun Rauhanyhdistyksell\u00e4 on valtakunnallinen rahanker\u00e4yslupa RA 2021\/37  [&#8230;]<\/p>\n","protected":false},"author":52,"featured_media":0,"parent":0,"menu_order":0,"comment_status":"closed","ping_status":"closed","template":"","meta":{"footnotes":""},"class_list":["post-642","page","type-page","status-publish","hentry"],"_links":{"self":[{"href":"https:\/\/paivitys.rauhanyhdistys.fi\/kokkola\/wp-json\/wp\/v2\/pages\/642","targetHints":{"allow":["GET"]}}],"collection":[{"href":"https:\/\/paivitys.rauhanyhdistys.fi\/kokkola\/wp-json\/wp\/v2\/pages"}],"about":[{"href":"https:\/\/paivitys.rauhanyhdistys.fi\/kokkola\/wp-json\/wp\/v2\/types\/page"}],"author":[{"embeddable":true,"href":"https:\/\/paivitys.rauhanyhdistys.fi\/kokkola\/wp-json\/wp\/v2\/users\/52"}],"replies":[{"embeddable":true,"href":"https:\/\/paivitys.rauhanyhdistys.fi\/kokkola\/wp-json\/wp\/v2\/comments?post=642"}],"version-history":[{"count":43,"href":"https:\/\/paivitys.rauhanyhdistys.fi\/kokkola\/wp-json\/wp\/v2\/pages\/642\/revisions"}],"predecessor-version":[{"id":1419,"href":"https:\/\/paivitys.rauhanyhdistys.fi\/kokkola\/wp-json\/wp\/v2\/pages\/642\/revisions\/1419"}],"wp:attachment":[{"href":"https:\/\/paivitys.rauhanyhdistys.fi\/kokkola\/wp-json\/wp\/v2\/media?parent=642"}],"curies":[{"name":"wp","href":"https:\/\/api.w.org\/{rel}","templated":true}]}}