{"id":1219,"date":"2023-03-12T14:33:28","date_gmt":"2023-03-12T12:33:28","guid":{"rendered":"https:\/\/paivitys.rauhanyhdistys.fi\/kokkola\/?page_id=1219"},"modified":"2023-05-23T22:04:23","modified_gmt":"2023-05-23T19:04:23","slug":"laskutustiedot","status":"publish","type":"page","link":"https:\/\/paivitys.rauhanyhdistys.fi\/kokkola\/laskutustiedot\/","title":{"rendered":"Laskutustiedot"},"content":{"rendered":"<h1>LASKUTUSTIEDOT<\/h1>\n<p>Toivomme, ett\u00e4 l\u00e4het\u00e4tte laskunne jatkossa ensisijaisesti <strong>verkkolaskuina<\/strong>. Verkkolaskujen k\u00e4sittely on sek\u00e4 l\u00e4hett\u00e4j\u00e4lle ett\u00e4 vastaanottajalle nopeampaa, luotettavampaa ja edullisempaa kuin paperilaskujen k\u00e4sittely.<\/p>\n<p><span class=\"s2\"><strong>Verkkolaskuosoitteemme ovat:<\/strong><\/span><\/p>\n<p><span class=\"s4\">Operaattori \/ Verkkolaskuosoite \/ OVT-tunnus<\/span><\/p>\n<p><span class=\"s4\">Apix<\/span><span class=\"s4\"> Messaging Oy (003723327487) \/ 003701793743 \/ 003701793743<\/span><\/p>\n<p><span class=\"s4\">Huomioittehan, ett\u00e4 mik\u00e4li k\u00e4yt\u00f6ss\u00e4nne on jokin seuraavista operaattoreista verkkolaskun l\u00e4hett\u00e4miseen: Danske Bank Oyj, Handelsbanken, Paikallisosuuspankit tai S\u00e4\u00e4st\u00f6pankit, tulee teid\u00e4n k\u00e4ytt\u00e4\u00e4 <\/span><span class=\"s4\">Apixin<\/span><span class=\"s4\"> verkkolaskuosoitteenamme seuraavaa osoitetta: verkkolaskuosoite 003723327487 ja operaattoritunnus DABAFIHH.<\/span><\/p>\n<p><span class=\"s4\">Mik\u00e4li ette voi l\u00e4hett\u00e4\u00e4 verkkolaskuja, pyyd\u00e4mme l\u00e4hett\u00e4m\u00e4\u00e4n laskut ostolaskujen skannauspalveluun.<\/span><\/p>\n<p>&nbsp;<\/p>\n<p><strong><span class=\"s2\">S\u00e4hk\u00f6postiskannauksen osoite:<\/span><\/strong><\/p>\n<p><span class=\"s4\">003701793743@procountor.apix.fi<\/span><\/p>\n<p><span class=\"s4\">L\u00e4hetett\u00e4v\u00e4 lasku tulee olla s\u00e4hk\u00f6postin liitteen\u00e4 PDF-tiedostona ja yhdell\u00e4 s\u00e4hk\u00f6postilla ja sen liitteiss\u00e4 saa olla vain yksi lasku. Jos s\u00e4hk\u00f6posti sis\u00e4lt\u00e4\u00e4 muita liitetiedostoja, lis\u00e4t\u00e4\u00e4n ne laskun liitteiksi. Liitetiedostojen maksimikoko on 2 Mb. L\u00e4hetyksen j\u00e4lkeen palvelusta tulee joko hyv\u00e4ksynt\u00e4- tai hylk\u00e4ysilmoitus s\u00e4hk\u00f6postilla l\u00e4hetysosoitteeseen 15 minuutin kuluessa l\u00e4hetyksest\u00e4.<\/span><\/p>\n<p>&nbsp;<\/p>\n<p><strong><span class=\"s2\">Paperilaskujen skannauksen osoite:\u00a0<\/span><\/strong><\/p>\n<p><span class=\"s4\">Kokkolan Seudun Rauhanyhdistys (<\/span><span class=\"s4\">Apix<\/span><span class=\"s4\"> Skannauspalvelu)\u00a0<\/span><\/p>\n<p><span class=\"s4\">PL 16112<br \/>\n<\/span>00021 LASKUTUS<\/p>\n<p><span class=\"s4\">Jotta skannauspalvelu voi kohdistaa laskunne, tulee t\u00e4m\u00e4 laskutusosoite tulostaa my\u00f6s itse laskuun, eik\u00e4 pelk\u00e4st\u00e4\u00e4n kirjekuoreen. T\u00e4h\u00e4n laskutusosoitteeseen ei tule l\u00e4hett\u00e4\u00e4 muuta materiaalia kuin laskuja, eli esimerkiksi tiedotusten ja markkinointimateriaalin postiosoite pysyy ennallaan.<\/span><\/p>\n<p><span class=\"s4\">Lis\u00e4tietoja: taloudenhoitaja(at)kokkolanseudunry.fi<\/span><\/p>\n","protected":false},"excerpt":{"rendered":"<p>LASKUTUSTIEDOT Toivomme, ett\u00e4 l\u00e4het\u00e4tte laskunne jatkossa ensisijaisesti verkkolaskuina. Verkkolaskujen k\u00e4sittely  [&#8230;]<\/p>\n","protected":false},"author":52,"featured_media":0,"parent":0,"menu_order":0,"comment_status":"closed","ping_status":"closed","template":"","meta":{"footnotes":""},"class_list":["post-1219","page","type-page","status-publish","hentry"],"_links":{"self":[{"href":"https:\/\/paivitys.rauhanyhdistys.fi\/kokkola\/wp-json\/wp\/v2\/pages\/1219","targetHints":{"allow":["GET"]}}],"collection":[{"href":"https:\/\/paivitys.rauhanyhdistys.fi\/kokkola\/wp-json\/wp\/v2\/pages"}],"about":[{"href":"https:\/\/paivitys.rauhanyhdistys.fi\/kokkola\/wp-json\/wp\/v2\/types\/page"}],"author":[{"embeddable":true,"href":"https:\/\/paivitys.rauhanyhdistys.fi\/kokkola\/wp-json\/wp\/v2\/users\/52"}],"replies":[{"embeddable":true,"href":"https:\/\/paivitys.rauhanyhdistys.fi\/kokkola\/wp-json\/wp\/v2\/comments?post=1219"}],"version-history":[{"count":5,"href":"https:\/\/paivitys.rauhanyhdistys.fi\/kokkola\/wp-json\/wp\/v2\/pages\/1219\/revisions"}],"predecessor-version":[{"id":1259,"href":"https:\/\/paivitys.rauhanyhdistys.fi\/kokkola\/wp-json\/wp\/v2\/pages\/1219\/revisions\/1259"}],"wp:attachment":[{"href":"https:\/\/paivitys.rauhanyhdistys.fi\/kokkola\/wp-json\/wp\/v2\/media?parent=1219"}],"curies":[{"name":"wp","href":"https:\/\/api.w.org\/{rel}","templated":true}]}}