{"id":15,"date":"2017-12-13T14:06:19","date_gmt":"2017-12-13T12:06:19","guid":{"rendered":"http:\/\/34.242.2.69\/esimerkkiry\/?page_id=15"},"modified":"2022-08-22T19:20:08","modified_gmt":"2022-08-22T16:20:08","slug":"yhdistys","status":"publish","type":"page","link":"https:\/\/paivitys.rauhanyhdistys.fi\/kempele\/yhdistys\/","title":{"rendered":"Yhdistys"},"content":{"rendered":"<p><div class=\"fusion-fullwidth fullwidth-box fusion-builder-row-1 nonhundred-percent-fullwidth non-hundred-percent-height-scrolling\" style=\"--awb-border-radius-top-left:0px;--awb-border-radius-top-right:0px;--awb-border-radius-bottom-right:0px;--awb-border-radius-bottom-left:0px;--awb-flex-wrap:wrap;\" ><div class=\"fusion-builder-row fusion-row\"><div class=\"fusion-layout-column fusion_builder_column fusion-builder-column-0 fusion_builder_column_1_1 1_1 fusion-one-full fusion-column-first fusion-column-last\" style=\"--awb-bg-size:cover;\"><div class=\"fusion-column-wrapper fusion-column-has-shadow fusion-flex-column-wrapper-legacy\"><div class=\"fusion-title title fusion-title-1 fusion-sep-none fusion-title-text fusion-title-size-one\"><h1 class=\"fusion-title-heading title-heading-left fusion-responsive-typography-calculated\" style=\"margin:0;--fontSize:34;line-height:1.4;\"><\/h1><\/div><div class=\"fusion-clearfix\"><\/div><\/div><\/div><div class=\"fusion-layout-column fusion_builder_column fusion-builder-column-1 fusion_builder_column_1_1 1_1 fusion-one-full fusion-column-first fusion-column-last\" style=\"--awb-bg-size:cover;\"><div class=\"fusion-column-wrapper fusion-column-has-shadow fusion-flex-column-wrapper-legacy\"><div class=\"fusion-text fusion-text-1\"><p>Kempeleen Rauhanyhdistyksen toiminnan tarkoituksena on \u201dher\u00e4tt\u00e4\u00e4 ja elvytt\u00e4\u00e4 kristillist\u00e4 uskonel\u00e4m\u00e4\u00e4 sek\u00e4 edist\u00e4\u00e4 kristillissiveellisten el\u00e4m\u00e4ntapojen, kansanraittiuden ja is\u00e4nmaallisen mielen vakiinnuttamista kansan keskuudessa\u201d. Toimintamuodoista t\u00e4rkein on seurat, jotka kokoavat yhteen kaikenik\u00e4isi\u00e4.<\/p>\n<\/div><div class=\"fusion-clearfix\"><\/div><\/div><\/div><div class=\"fusion-layout-column fusion_builder_column fusion-builder-column-2 fusion_builder_column_1_1 1_1 fusion-one-full fusion-column-first fusion-column-last\" style=\"--awb-bg-size:cover;\"><div class=\"fusion-column-wrapper fusion-flex-column-wrapper-legacy\"><div class=\"fusion-title title fusion-title-2 fusion-sep-none fusion-title-text fusion-title-size-one\"><h1 class=\"fusion-title-heading title-heading-left fusion-responsive-typography-calculated\" style=\"margin:0;--fontSize:34;line-height:1.4;\"><h1 class=\"content-box-heading\" data-inline-fontsize=\"true\" data-inline-lineheight=\"true\" data-fontsize=\"24\" data-lineheight=\"29\">Toimintamuodot<\/h1><\/h1><\/div><div class=\"fusion-text fusion-text-2\"><div class=\"heading icon-left\">\n<h2>Seurat<\/h2>\n<p class=\"content-box-heading\" data-inline-fontsize=\"true\" data-inline-lineheight=\"true\" data-fontsize=\"24\" data-lineheight=\"29\">Seurat ovat p\u00e4\u00e4s\u00e4\u00e4nt\u00f6isesti omalla toimitalolla sunnuntaisin klo 16. Ohjelma koostuu kahdesta seurapuheesta sek\u00e4 virsist\u00e4 ja Siionin lauluista. V\u00e4liajalla voi nauttia seurakahvion palveluista. Seurat ovat kaikille avoimet. Seuroja j\u00e4rjestet\u00e4\u00e4n yhdess\u00e4 Murron Rauhanyhdistyksen kanssa muutaman kerran vuodessa Kempeleen kirkoissa ja Kokkokankaan seurakuntakeskuksessa.<\/p>\n<h2>Kotiseurat<\/h2>\n<p class=\"content-box-heading\" data-inline-fontsize=\"true\" data-inline-lineheight=\"true\" data-fontsize=\"24\" data-lineheight=\"29\">Kotiseurat pidet\u00e4\u00e4n keskiviikkoisin klo 18:30. Kotiseuroja on mahdollisuus j\u00e4rjest\u00e4\u00e4 my\u00f6s toimitalolla.<\/p>\n<h2>P\u00e4iv\u00e4kerhot<\/h2>\n<p>P\u00e4iv\u00e4kerhot ovat maanantaisin ja tiistaisin klo 17:30 toimitalolla. P\u00e4iv\u00e4kerhossa voivat k\u00e4yd\u00e4 nelj\u00e4 vuotta t\u00e4ytt\u00e4neet lapset kerran viikossa kouluik\u00e4\u00e4n asti. Tunnin mittaisen kerhon aikana pidet\u00e4\u00e4n uskontotuokio sek\u00e4 askarrellaan, lauletaan ja leikit\u00e4\u00e4n yhdess\u00e4.<\/p>\n<h2>Pyh\u00e4koulut<\/h2>\n<p>Pyh\u00e4koulut ovat kodeissa sunnuntaisin klo 12. Rauhanyhdistyksen toiminta-alue on jaettu viiten pyh\u00e4koulupiiriin. Pyh\u00e4kouluissa lauletaan yhdess\u00e4 ja keskustellaan lasten kanssa uskonel\u00e4m\u00e4n perusasioista.<\/p>\n<h2>Raamattuluokat<\/h2>\n<p>Raamattuluokat on ry:ll\u00e4 torstaisin klo 18 ja klo 19. Raamattuluokan tarkoituksena on syvent\u00e4\u00e4 nuorten raamatuntuntemusta ja rohkaista heit\u00e4 keskustelemaan omakohtaisen uskon perusteista.<\/p>\n<h2>Laitoshartaudet<\/h2>\n<p>Rauhanyhdistys j\u00e4rjest\u00e4\u00e4 laitoshartauksia vuorotellen paikkakunnan vanhusten palvelutaloissa ja terveyskeskuksen vuodeosastolla.<\/p>\n<h2>Tiistaikerho<\/h2>\n<p>Kerho kokoontuu p\u00e4\u00e4s\u00e4\u00e4nt\u00f6isesti toimitalolla joka toinen tiistai klo 12. Kerhossa tavataan yst\u00e4vi\u00e4, keskustellaan ja pidet\u00e4\u00e4n hartaushetki\u00e4. Kerholaiset tekev\u00e4t my\u00f6s retki\u00e4.<\/p>\n<h2>Nuortenillat, Sisarillat, Veli-illat<\/h2>\n<p>My\u00f6s n\u00e4m\u00e4 p\u00e4\u00e4asiassa toimitalolla kokoontuvat toimintamuodot tarjoavat mahdollisuuden tutustumiseen ja keskusteluun uskonel\u00e4m\u00e4n kysymyksist\u00e4. N\u00e4iss\u00e4 tapaamisissa virkist\u00e4ydyt\u00e4\u00e4n, my\u00f6s yhteisten retkien merkeiss\u00e4.<\/p>\n<\/div>\n<\/div><div class=\"fusion-clearfix\"><\/div><\/div><\/div><\/div><\/div><div class=\"fusion-fullwidth fullwidth-box fusion-builder-row-2 fusion-flex-container nonhundred-percent-fullwidth non-hundred-percent-height-scrolling\" style=\"--awb-border-radius-top-left:0px;--awb-border-radius-top-right:0px;--awb-border-radius-bottom-right:0px;--awb-border-radius-bottom-left:0px;--awb-flex-wrap:wrap;\" ><div class=\"fusion-builder-row fusion-row fusion-flex-align-items-flex-start fusion-flex-content-wrap\" style=\"max-width:1144px;margin-left: calc(-4% \/ 2 );margin-right: calc(-4% \/ 2 );\"><\/div><\/div><\/p>\n","protected":false},"excerpt":{"rendered":"","protected":false},"author":1,"featured_media":0,"parent":0,"menu_order":0,"comment_status":"closed","ping_status":"closed","template":"","meta":{"footnotes":""},"class_list":["post-15","page","type-page","status-publish","hentry"],"_links":{"self":[{"href":"https:\/\/paivitys.rauhanyhdistys.fi\/kempele\/wp-json\/wp\/v2\/pages\/15","targetHints":{"allow":["GET"]}}],"collection":[{"href":"https:\/\/paivitys.rauhanyhdistys.fi\/kempele\/wp-json\/wp\/v2\/pages"}],"about":[{"href":"https:\/\/paivitys.rauhanyhdistys.fi\/kempele\/wp-json\/wp\/v2\/types\/page"}],"author":[{"embeddable":true,"href":"https:\/\/paivitys.rauhanyhdistys.fi\/kempele\/wp-json\/wp\/v2\/users\/1"}],"replies":[{"embeddable":true,"href":"https:\/\/paivitys.rauhanyhdistys.fi\/kempele\/wp-json\/wp\/v2\/comments?post=15"}],"version-history":[{"count":10,"href":"https:\/\/paivitys.rauhanyhdistys.fi\/kempele\/wp-json\/wp\/v2\/pages\/15\/revisions"}],"predecessor-version":[{"id":587,"href":"https:\/\/paivitys.rauhanyhdistys.fi\/kempele\/wp-json\/wp\/v2\/pages\/15\/revisions\/587"}],"wp:attachment":[{"href":"https:\/\/paivitys.rauhanyhdistys.fi\/kempele\/wp-json\/wp\/v2\/media?parent=15"}],"curies":[{"name":"wp","href":"https:\/\/api.w.org\/{rel}","templated":true}]}}